{"id":771,"date":"2016-08-12T16:09:16","date_gmt":"2016-08-12T14:09:16","guid":{"rendered":"http:\/\/web3.ffw-erlenbach-stadt.de\/?page_id=771"},"modified":"2021-08-28T12:19:00","modified_gmt":"2021-08-28T10:19:00","slug":"loeschgruppenfahrzeug","status":"publish","type":"page","link":"https:\/\/ffw-erlenbach-stadt.de\/index.php\/feuerwehr\/fahrzeuge\/ehemalige-fahrzeuge\/loeschgruppenfahrzeug\/","title":{"rendered":"L\u00f6schgruppenfahrzeug &#8211; LF8"},"content":{"rendered":"<p><img fetchpriority=\"high\" decoding=\"async\" class=\"wp-image-4201 size-full alignnone\" src=\"\/wp-content\/uploads\/2016\/08\/lf8_front.jpg\" alt=\"lf8_front\" width=\"600\" height=\"397\" srcset=\"https:\/\/ffw-erlenbach-stadt.de\/wp-content\/uploads\/2016\/08\/lf8_front.jpg 600w, https:\/\/ffw-erlenbach-stadt.de\/wp-content\/uploads\/2016\/08\/lf8_front-300x199.jpg 300w\" sizes=\"(max-width: 600px) 100vw, 600px\" \/><\/p>\n<div><b>Rufnahme: <\/b><i>Florian Erlenbach 48\/1<\/i><\/div>\n<div> <\/div>\n<div><b>Baujahr: <\/b><i>1990<\/i><\/div>\n<div> <\/div>\n<div><b>im Dienst seit: <\/b><i>1991<\/i><\/div>\n<div> <\/div>\n<div><b>Besatzung:<\/b> <i>1\/8<\/i><\/div>\n<div> <\/div>\n<div><b>Ausr\u00fcstung:<\/b><\/div>\n<ul>\n<li><i>Hochleistungsl\u00fcfter<\/i><\/li>\n<li><i>Be\/Entl\u00fcfter<\/i><\/li>\n<li><i>Atemschutzger\u00e4te<\/i><\/li>\n<li><i>div. Schlauchmaterial<\/i><\/li>\n<li><i>Pulverl\u00f6scher<\/i><\/li>\n<li><i>Verkehrsabsicherungsmaterial<\/i><\/li>\n<li><i>Motors\u00e4ge, Trennschleifer<\/i><\/li>\n<li><i>Tauchpumpe<\/i><\/li>\n<li><i>Stromerzeuger<\/i><\/li>\n<li><i>Flutlichtstrahler<\/i><\/li>\n<li><i>Stromerzeuger<\/i><\/li>\n<li><em>Tragkraftspritze<\/em><\/li>\n<li><em>Vorbaupumpe<\/em><\/li>\n<li><em>Schaumausr\u00fcstung<\/em><\/li>\n<li>Faltbeh\u00e4lter 5000l<\/li>\n<\/ul>\n<div><b>wird eingesetzt:<\/b><\/div>\n<ul>\n<li><em>Brandeins\u00e4tze i. d. R. als zweites L\u00f6schfahrzeug<\/em><\/li>\n<li><em>kleine technisch Hilfeleistungen<\/em><\/li>\n<\/ul>\n<div> ngg_shortcode_0_placeholder<\/div>\n","protected":false},"excerpt":{"rendered":"<p>Rufnahme: Florian Erlenbach 48\/1 Baujahr: 1990 im Dienst seit: 1991 Besatzung: 1\/8 Ausr\u00fcstung: Hochleistungsl\u00fcfter Be\/Entl\u00fcfter Atemschutzger\u00e4te div. Schlauchmaterial Pulverl\u00f6scher Verkehrsabsicherungsmaterial Motors\u00e4ge, Trennschleifer Tauchpumpe Stromerzeuger Flutlichtstrahler Stromerzeuger Tragkraftspritze Vorbaupumpe Schaumausr\u00fcstung Faltbeh\u00e4lter &#8230;<\/p>\n","protected":false},"author":1,"featured_media":0,"parent":19617,"menu_order":0,"comment_status":"closed","ping_status":"closed","template":"","meta":{"ngg_post_thumbnail":0,"footnotes":""},"class_list":["post-771","page","type-page","status-publish","hentry"],"_links":{"self":[{"href":"https:\/\/ffw-erlenbach-stadt.de\/index.php\/wp-json\/wp\/v2\/pages\/771","targetHints":{"allow":["GET"]}}],"collection":[{"href":"https:\/\/ffw-erlenbach-stadt.de\/index.php\/wp-json\/wp\/v2\/pages"}],"about":[{"href":"https:\/\/ffw-erlenbach-stadt.de\/index.php\/wp-json\/wp\/v2\/types\/page"}],"author":[{"embeddable":true,"href":"https:\/\/ffw-erlenbach-stadt.de\/index.php\/wp-json\/wp\/v2\/users\/1"}],"replies":[{"embeddable":true,"href":"https:\/\/ffw-erlenbach-stadt.de\/index.php\/wp-json\/wp\/v2\/comments?post=771"}],"version-history":[{"count":2,"href":"https:\/\/ffw-erlenbach-stadt.de\/index.php\/wp-json\/wp\/v2\/pages\/771\/revisions"}],"predecessor-version":[{"id":18235,"href":"https:\/\/ffw-erlenbach-stadt.de\/index.php\/wp-json\/wp\/v2\/pages\/771\/revisions\/18235"}],"up":[{"embeddable":true,"href":"https:\/\/ffw-erlenbach-stadt.de\/index.php\/wp-json\/wp\/v2\/pages\/19617"}],"wp:attachment":[{"href":"https:\/\/ffw-erlenbach-stadt.de\/index.php\/wp-json\/wp\/v2\/media?parent=771"}],"curies":[{"name":"wp","href":"https:\/\/api.w.org\/{rel}","templated":true}]}}