{"id":4554,"date":"2016-10-16T22:55:15","date_gmt":"2016-10-16T20:55:15","guid":{"rendered":"http:\/\/web3.ffw-erlenbach-stadt.de\/?page_id=4554"},"modified":"2023-01-01T15:10:09","modified_gmt":"2023-01-01T14:10:09","slug":"drehleiter-dlk-2312","status":"publish","type":"page","link":"https:\/\/ffw-erlenbach-stadt.de\/index.php\/feuerwehr\/fahrzeuge\/ehemalige-fahrzeuge\/drehleiter-dlk-2312\/","title":{"rendered":"Drehleiter &#8211; DLK 23\/12"},"content":{"rendered":"<div><img decoding=\"async\" class=\"alignnone wp-image-4641 size-full\" src=\"\/wp-content\/uploads\/2016\/10\/dlk.jpg\" alt=\"dlk\" width=\"250\" height=\"187\" \/><\/div>\n<div><\/div>\n<div><b>Rufnahme:\u00a0<\/b><i>Florian ICO 30\/1<\/i><\/div>\n<div><\/div>\n<div><b>Baujahr:\u00a0<\/b><i>1994<\/i><\/div>\n<div><\/div>\n<div><b>im Dienst seit:\u00a0<\/b><i>1994<\/i><\/div>\n<div><\/div>\n<div><b>Besatzung:<\/b>\u00a0<i>1\/2<\/i><\/div>\n<div><\/div>\n<div><b>Ausr\u00fcstung:<\/b><\/div>\n<div><\/div>\n<ul type=\"disc\">\n<li><i>Hochleistungsl\u00fcfter<\/i><\/li>\n<li><i>Schleifkorbtrage<\/i><\/li>\n<li><i>Rollgliss<\/i><\/li>\n<li><i>Motors\u00e4ge<\/i><\/li>\n<li><i>Stromerzeuger<\/i><\/li>\n<li><em>Tragkraftspritze<\/em><\/li>\n<\/ul>\n<div><b>weitere Informationen:<\/b><\/div>\n<div><\/div>\n<div><em>Die Drehleiter wurde im Verbund angeschafft bzw. unterhalten. Die Feuerwehren Erlenbach, Elsenfeld, Obernburg und die WF ICO betreiben diese zusammen. Stationiert ist die DLK auf der Feuerwache der ICO. <\/em><\/div>\n","protected":false},"excerpt":{"rendered":"<p>Rufnahme:\u00a0Florian ICO 30\/1 Baujahr:\u00a01994 im Dienst seit:\u00a01994 Besatzung:\u00a01\/2 Ausr\u00fcstung: Hochleistungsl\u00fcfter Schleifkorbtrage Rollgliss Motors\u00e4ge Stromerzeuger Tragkraftspritze weitere Informationen: Die Drehleiter wurde im Verbund angeschafft bzw. unterhalten. Die Feuerwehren Erlenbach, Elsenfeld, Obernburg &#8230;<\/p>\n","protected":false},"author":4,"featured_media":0,"parent":19617,"menu_order":0,"comment_status":"closed","ping_status":"closed","template":"","meta":{"ngg_post_thumbnail":0,"footnotes":""},"class_list":["post-4554","page","type-page","status-publish","hentry"],"_links":{"self":[{"href":"https:\/\/ffw-erlenbach-stadt.de\/index.php\/wp-json\/wp\/v2\/pages\/4554","targetHints":{"allow":["GET"]}}],"collection":[{"href":"https:\/\/ffw-erlenbach-stadt.de\/index.php\/wp-json\/wp\/v2\/pages"}],"about":[{"href":"https:\/\/ffw-erlenbach-stadt.de\/index.php\/wp-json\/wp\/v2\/types\/page"}],"author":[{"embeddable":true,"href":"https:\/\/ffw-erlenbach-stadt.de\/index.php\/wp-json\/wp\/v2\/users\/4"}],"replies":[{"embeddable":true,"href":"https:\/\/ffw-erlenbach-stadt.de\/index.php\/wp-json\/wp\/v2\/comments?post=4554"}],"version-history":[{"count":1,"href":"https:\/\/ffw-erlenbach-stadt.de\/index.php\/wp-json\/wp\/v2\/pages\/4554\/revisions"}],"predecessor-version":[{"id":5417,"href":"https:\/\/ffw-erlenbach-stadt.de\/index.php\/wp-json\/wp\/v2\/pages\/4554\/revisions\/5417"}],"up":[{"embeddable":true,"href":"https:\/\/ffw-erlenbach-stadt.de\/index.php\/wp-json\/wp\/v2\/pages\/19617"}],"wp:attachment":[{"href":"https:\/\/ffw-erlenbach-stadt.de\/index.php\/wp-json\/wp\/v2\/media?parent=4554"}],"curies":[{"name":"wp","href":"https:\/\/api.w.org\/{rel}","templated":true}]}}