{"id":194,"date":"2016-08-11T19:38:55","date_gmt":"2016-08-11T17:38:55","guid":{"rendered":"http:\/\/web3.ffw-erlenbach-stadt.de\/?page_id=194"},"modified":"2020-02-18T20:00:11","modified_gmt":"2020-02-18T19:00:11","slug":"verein","status":"publish","type":"page","link":"https:\/\/ffw-erlenbach-stadt.de\/index.php\/verein\/","title":{"rendered":"Verein"},"content":{"rendered":"<p><strong><em>Seit 1984 gibt es den Feuerwehrverein der Freiwilligen Feuerwehr Erlenbach.<\/em><\/strong><\/p>\n<p>Damals wurden die f\u00f6rdernden Mitglieder zu einem Feuerwehrverein \u201eumgebildet\u201c. Heute besteht der Verein aus \u00fcber 190 Mitgliedern: Aktiven Feuerwehrlern die ihren Dienst am n\u00e4chsten aus\u00fcben, passiven Feuerwehrlern die im Ruhestand sind und den f\u00f6rdernden Mitgliedern, die durch ihren Beitrag die Vereinsarbeit unterst\u00fctzen.<\/p>\n<p>Der Feuerwehrverein ist das Bindeglied der Mannschaft. Zust\u00e4ndig f\u00fcr das gesellige Vereinsleben und die F\u00f6rderung des Zusammenhaltes durch Aktionen wie Weihnachtsfeier oder Florianstag.<\/p>\n<p>Auch am Stadtleben nimmt der Feuerwehrverein aktiv Teil zum Beispiel durch Feste wie der Maibaumaufstellung oder auch Beteiligung an Stadtaktionen wie dem Riesenadventskalender.<\/p>\n<p>Ein weiteres Aufgabengebiet ist die finanzielle Unterst\u00fctzung der Jugend- und Kinderarbeit durch den Verein. Nicht zu vergessen sind auch finanzielle Mittel die vom Verein f\u00fcr feuerwehrtechnisches Ger\u00e4t in die aktive Arbeit fliesen.<\/p>\n<p><strong><em>Die Aufgaben des Feuerwehrvereins sind vielf\u00e4ltig und dienen der Kameradschaft, dem Feuerwehrleben, wie auch dem st\u00e4dtischen Allgemeinwohl.<\/em><\/strong><\/p>\n","protected":false},"excerpt":{"rendered":"<p>Seit 1984 gibt es den Feuerwehrverein der Freiwilligen Feuerwehr Erlenbach. Damals wurden die f\u00f6rdernden Mitglieder zu einem Feuerwehrverein \u201eumgebildet\u201c. Heute besteht der Verein aus \u00fcber 190 Mitgliedern: Aktiven Feuerwehrlern die &#8230;<\/p>\n","protected":false},"author":1,"featured_media":0,"parent":0,"menu_order":0,"comment_status":"closed","ping_status":"closed","template":"","meta":{"ngg_post_thumbnail":0,"footnotes":""},"class_list":["post-194","page","type-page","status-publish","hentry"],"_links":{"self":[{"href":"https:\/\/ffw-erlenbach-stadt.de\/index.php\/wp-json\/wp\/v2\/pages\/194","targetHints":{"allow":["GET"]}}],"collection":[{"href":"https:\/\/ffw-erlenbach-stadt.de\/index.php\/wp-json\/wp\/v2\/pages"}],"about":[{"href":"https:\/\/ffw-erlenbach-stadt.de\/index.php\/wp-json\/wp\/v2\/types\/page"}],"author":[{"embeddable":true,"href":"https:\/\/ffw-erlenbach-stadt.de\/index.php\/wp-json\/wp\/v2\/users\/1"}],"replies":[{"embeddable":true,"href":"https:\/\/ffw-erlenbach-stadt.de\/index.php\/wp-json\/wp\/v2\/comments?post=194"}],"version-history":[{"count":2,"href":"https:\/\/ffw-erlenbach-stadt.de\/index.php\/wp-json\/wp\/v2\/pages\/194\/revisions"}],"predecessor-version":[{"id":18968,"href":"https:\/\/ffw-erlenbach-stadt.de\/index.php\/wp-json\/wp\/v2\/pages\/194\/revisions\/18968"}],"wp:attachment":[{"href":"https:\/\/ffw-erlenbach-stadt.de\/index.php\/wp-json\/wp\/v2\/media?parent=194"}],"curies":[{"name":"wp","href":"https:\/\/api.w.org\/{rel}","templated":true}]}}