{"id":22250,"date":"2025-08-15T21:27:00","date_gmt":"2025-08-15T19:27:00","guid":{"rendered":"https:\/\/ffw-erlenbach-stadt.de\/?post_type=einsatz&#038;p=22250"},"modified":"2025-09-01T12:26:28","modified_gmt":"2025-09-01T10:26:28","slug":"b3-brand-zimmer-4","status":"publish","type":"einsatz","link":"https:\/\/ffw-erlenbach-stadt.de\/index.php\/einsatzberichte\/b3-brand-zimmer-4\/","title":{"rendered":"B3 Brand Zimmer"},"content":{"rendered":"\n<p><em><strong>In Mechenhard meldeten Nachbarn einen Flammenschein im Flur. Beim Eintreffen der ersten Kr\u00e4fte aus Mechenhard best\u00e4tigte sich die Meldung und es rauchte bereits stark aus den Fenstern. Das Feuer konnte schnell gel\u00f6scht werden. Wir unterst\u00fctzten die Mechenharder Kameraden mit Personal, L\u00fcfter und im Bedarfsfall L\u00f6schfahrzeugen.<\/strong><\/em><\/p>\n\n\n\n<p><\/p>\n\n\n\n<figure class=\"wp-block-gallery has-nested-images columns-default is-cropped wp-block-gallery-1 is-layout-flex wp-block-gallery-is-layout-flex\">\n<figure class=\"wp-block-image size-large is-style-default\"><img fetchpriority=\"high\" decoding=\"async\" width=\"1024\" height=\"768\" data-id=\"22251\" src=\"https:\/\/ffw-erlenbach-stadt.de\/wp-content\/uploads\/2025\/09\/20250815_214758-1024x768.jpg\" alt=\"\" class=\"wp-image-22251\" srcset=\"https:\/\/ffw-erlenbach-stadt.de\/wp-content\/uploads\/2025\/09\/20250815_214758-1024x768.jpg 1024w, https:\/\/ffw-erlenbach-stadt.de\/wp-content\/uploads\/2025\/09\/20250815_214758-300x225.jpg 300w, https:\/\/ffw-erlenbach-stadt.de\/wp-content\/uploads\/2025\/09\/20250815_214758-768x576.jpg 768w, https:\/\/ffw-erlenbach-stadt.de\/wp-content\/uploads\/2025\/09\/20250815_214758-1536x1152.jpg 1536w, https:\/\/ffw-erlenbach-stadt.de\/wp-content\/uploads\/2025\/09\/20250815_214758-2048x1536.jpg 2048w\" sizes=\"(max-width: 1024px) 100vw, 1024px\" \/><\/figure>\n\n\n\n<figure class=\"wp-block-image size-large is-style-default\"><img decoding=\"async\" width=\"1024\" height=\"768\" data-id=\"22252\" src=\"https:\/\/ffw-erlenbach-stadt.de\/wp-content\/uploads\/2025\/09\/20250815_214922-1024x768.jpg\" alt=\"\" class=\"wp-image-22252\" srcset=\"https:\/\/ffw-erlenbach-stadt.de\/wp-content\/uploads\/2025\/09\/20250815_214922-1024x768.jpg 1024w, https:\/\/ffw-erlenbach-stadt.de\/wp-content\/uploads\/2025\/09\/20250815_214922-300x225.jpg 300w, https:\/\/ffw-erlenbach-stadt.de\/wp-content\/uploads\/2025\/09\/20250815_214922-768x576.jpg 768w, https:\/\/ffw-erlenbach-stadt.de\/wp-content\/uploads\/2025\/09\/20250815_214922-1536x1152.jpg 1536w, https:\/\/ffw-erlenbach-stadt.de\/wp-content\/uploads\/2025\/09\/20250815_214922-2048x1536.jpg 2048w\" sizes=\"(max-width: 1024px) 100vw, 1024px\" \/><\/figure>\n<\/figure>\n","protected":false},"author":4,"featured_media":0,"template":"","meta":{"ngg_post_thumbnail":0,"einsatz_weight":1,"footnotes":""},"categories":[39],"tags":[],"einsatzart":[10],"fahrzeug":[268,203,52,269,55,63],"exteinsatzmittel":[61,229,12,92],"alarmierungsart":[208],"evw_unit":[],"class_list":["post-22250","einsatz","type-einsatz","status-publish","hentry","category-einsaetze","einsatzart-brand","fahrzeug-elw","fahrzeug-gw-s-in-bereitschaft","fahrzeug-hlf2016","fahrzeug-mlf","fahrzeug-tlf-1625","fahrzeug-dlk-2312","exteinsatzmittel-feuerwehr-mechenhard","exteinsatzmittel-kreisbrandinspektion","exteinsatzmittel-polizei","exteinsatzmittel-rettungsdienst","alarmierungsart-zug-alarm"],"_links":{"self":[{"href":"https:\/\/ffw-erlenbach-stadt.de\/index.php\/wp-json\/wp\/v2\/einsatz\/22250","targetHints":{"allow":["GET"]}}],"collection":[{"href":"https:\/\/ffw-erlenbach-stadt.de\/index.php\/wp-json\/wp\/v2\/einsatz"}],"about":[{"href":"https:\/\/ffw-erlenbach-stadt.de\/index.php\/wp-json\/wp\/v2\/types\/einsatz"}],"author":[{"embeddable":true,"href":"https:\/\/ffw-erlenbach-stadt.de\/index.php\/wp-json\/wp\/v2\/users\/4"}],"version-history":[{"count":1,"href":"https:\/\/ffw-erlenbach-stadt.de\/index.php\/wp-json\/wp\/v2\/einsatz\/22250\/revisions"}],"predecessor-version":[{"id":22253,"href":"https:\/\/ffw-erlenbach-stadt.de\/index.php\/wp-json\/wp\/v2\/einsatz\/22250\/revisions\/22253"}],"wp:attachment":[{"href":"https:\/\/ffw-erlenbach-stadt.de\/index.php\/wp-json\/wp\/v2\/media?parent=22250"}],"wp:term":[{"taxonomy":"category","embeddable":true,"href":"https:\/\/ffw-erlenbach-stadt.de\/index.php\/wp-json\/wp\/v2\/categories?post=22250"},{"taxonomy":"post_tag","embeddable":true,"href":"https:\/\/ffw-erlenbach-stadt.de\/index.php\/wp-json\/wp\/v2\/tags?post=22250"},{"taxonomy":"einsatzart","embeddable":true,"href":"https:\/\/ffw-erlenbach-stadt.de\/index.php\/wp-json\/wp\/v2\/einsatzart?post=22250"},{"taxonomy":"fahrzeug","embeddable":true,"href":"https:\/\/ffw-erlenbach-stadt.de\/index.php\/wp-json\/wp\/v2\/fahrzeug?post=22250"},{"taxonomy":"exteinsatzmittel","embeddable":true,"href":"https:\/\/ffw-erlenbach-stadt.de\/index.php\/wp-json\/wp\/v2\/exteinsatzmittel?post=22250"},{"taxonomy":"alarmierungsart","embeddable":true,"href":"https:\/\/ffw-erlenbach-stadt.de\/index.php\/wp-json\/wp\/v2\/alarmierungsart?post=22250"},{"taxonomy":"evw_unit","embeddable":true,"href":"https:\/\/ffw-erlenbach-stadt.de\/index.php\/wp-json\/wp\/v2\/evw_unit?post=22250"}],"curies":[{"name":"wp","href":"https:\/\/api.w.org\/{rel}","templated":true}]}}

<p><em><strong>In Mechenhard meldeten Nachbarn einen Flammenschein im Flur. Beim Eintreffen der ersten Kräfte aus Mechenhard bestätigte sich die Meldung und es rauchte bereits stark aus den Fenstern. Das Feuer konnte schnell gelöscht werden. Wir unterstützten die Mechenharder Kameraden mit Personal, Lüfter und im Bedarfsfall Löschfahrzeugen.</strong></em></p>



<p></p>



<figure class="wp-block-gallery has-nested-images columns-default is-cropped wp-block-gallery-1 is-layout-flex wp-block-gallery-is-layout-flex">
<figure class="wp-block-image size-large is-style-default"><img fetchpriority="high" decoding="async" width="1024" height="768" data-id="22251" src="https://ffw-erlenbach-stadt.de/wp-content/uploads/2025/09/20250815_214758-1024x768.jpg" alt="" class="wp-image-22251" srcset="https://ffw-erlenbach-stadt.de/wp-content/uploads/2025/09/20250815_214758-1024x768.jpg 1024w, https://ffw-erlenbach-stadt.de/wp-content/uploads/2025/09/20250815_214758-300x225.jpg 300w, https://ffw-erlenbach-stadt.de/wp-content/uploads/2025/09/20250815_214758-768x576.jpg 768w, https://ffw-erlenbach-stadt.de/wp-content/uploads/2025/09/20250815_214758-1536x1152.jpg 1536w, https://ffw-erlenbach-stadt.de/wp-content/uploads/2025/09/20250815_214758-2048x1536.jpg 2048w" sizes="(max-width: 1024px) 100vw, 1024px" /></figure>



<figure class="wp-block-image size-large is-style-default"><img decoding="async" width="1024" height="768" data-id="22252" src="https://ffw-erlenbach-stadt.de/wp-content/uploads/2025/09/20250815_214922-1024x768.jpg" alt="" class="wp-image-22252" srcset="https://ffw-erlenbach-stadt.de/wp-content/uploads/2025/09/20250815_214922-1024x768.jpg 1024w, https://ffw-erlenbach-stadt.de/wp-content/uploads/2025/09/20250815_214922-300x225.jpg 300w, https://ffw-erlenbach-stadt.de/wp-content/uploads/2025/09/20250815_214922-768x576.jpg 768w, https://ffw-erlenbach-stadt.de/wp-content/uploads/2025/09/20250815_214922-1536x1152.jpg 1536w, https://ffw-erlenbach-stadt.de/wp-content/uploads/2025/09/20250815_214922-2048x1536.jpg 2048w" sizes="(max-width: 1024px) 100vw, 1024px" /></figure>
</figure>
