{"id":22238,"date":"2025-07-28T13:15:00","date_gmt":"2025-07-28T11:15:00","guid":{"rendered":"https:\/\/ffw-erlenbach-stadt.de\/?post_type=einsatz&#038;p=22238"},"modified":"2025-09-01T12:42:36","modified_gmt":"2025-09-01T10:42:36","slug":"p-eingeschlossen-wohnung-oeffnen-akut-3","status":"publish","type":"einsatz","link":"https:\/\/ffw-erlenbach-stadt.de\/index.php\/einsatzberichte\/p-eingeschlossen-wohnung-oeffnen-akut-3\/","title":{"rendered":"P eingeschlossen Wohnung \u00f6ffnen akut"},"content":{"rendered":"\n<p><strong><em>Wir wurden zu einer Wohnungst\u00fcr\u00f6ffnung alarmiert. Der Mitteiler machte sich um seinen Verwandten Sorgen, welcher kurze Zeit zuvor noch zuhause gewesen war. Nach Rufen und Dauerklingeln rief er die 112. Wir konnten \u00fcber den Balkon zerst\u00f6rungsfrei in die Wohnung kommen und den gest\u00fcrzten Patienten an den Rettungsdienst \u00fcbergeben.<\/em><\/strong><\/p>\n","protected":false},"author":4,"featured_media":0,"template":"","meta":{"ngg_post_thumbnail":0,"einsatz_weight":1,"footnotes":""},"categories":[39],"tags":[],"einsatzart":[120],"fahrzeug":[268,269],"exteinsatzmittel":[12,92],"alarmierungsart":[206],"evw_unit":[],"class_list":["post-22238","einsatz","type-einsatz","status-publish","hentry","category-einsaetze","einsatzart-thl-person-in-gefahr","fahrzeug-elw","fahrzeug-mlf","exteinsatzmittel-polizei","exteinsatzmittel-rettungsdienst","alarmierungsart-trupp-alarm"],"_links":{"self":[{"href":"https:\/\/ffw-erlenbach-stadt.de\/index.php\/wp-json\/wp\/v2\/einsatz\/22238","targetHints":{"allow":["GET"]}}],"collection":[{"href":"https:\/\/ffw-erlenbach-stadt.de\/index.php\/wp-json\/wp\/v2\/einsatz"}],"about":[{"href":"https:\/\/ffw-erlenbach-stadt.de\/index.php\/wp-json\/wp\/v2\/types\/einsatz"}],"author":[{"embeddable":true,"href":"https:\/\/ffw-erlenbach-stadt.de\/index.php\/wp-json\/wp\/v2\/users\/4"}],"version-history":[{"count":1,"href":"https:\/\/ffw-erlenbach-stadt.de\/index.php\/wp-json\/wp\/v2\/einsatz\/22238\/revisions"}],"predecessor-version":[{"id":22239,"href":"https:\/\/ffw-erlenbach-stadt.de\/index.php\/wp-json\/wp\/v2\/einsatz\/22238\/revisions\/22239"}],"wp:attachment":[{"href":"https:\/\/ffw-erlenbach-stadt.de\/index.php\/wp-json\/wp\/v2\/media?parent=22238"}],"wp:term":[{"taxonomy":"category","embeddable":true,"href":"https:\/\/ffw-erlenbach-stadt.de\/index.php\/wp-json\/wp\/v2\/categories?post=22238"},{"taxonomy":"post_tag","embeddable":true,"href":"https:\/\/ffw-erlenbach-stadt.de\/index.php\/wp-json\/wp\/v2\/tags?post=22238"},{"taxonomy":"einsatzart","embeddable":true,"href":"https:\/\/ffw-erlenbach-stadt.de\/index.php\/wp-json\/wp\/v2\/einsatzart?post=22238"},{"taxonomy":"fahrzeug","embeddable":true,"href":"https:\/\/ffw-erlenbach-stadt.de\/index.php\/wp-json\/wp\/v2\/fahrzeug?post=22238"},{"taxonomy":"exteinsatzmittel","embeddable":true,"href":"https:\/\/ffw-erlenbach-stadt.de\/index.php\/wp-json\/wp\/v2\/exteinsatzmittel?post=22238"},{"taxonomy":"alarmierungsart","embeddable":true,"href":"https:\/\/ffw-erlenbach-stadt.de\/index.php\/wp-json\/wp\/v2\/alarmierungsart?post=22238"},{"taxonomy":"evw_unit","embeddable":true,"href":"https:\/\/ffw-erlenbach-stadt.de\/index.php\/wp-json\/wp\/v2\/evw_unit?post=22238"}],"curies":[{"name":"wp","href":"https:\/\/api.w.org\/{rel}","templated":true}]}}

P eingeschlossen Wohnung öffnen akut

<p><strong><em>Wir wurden zu einer Wohnungstüröffnung alarmiert. Der Mitteiler machte sich um seinen Verwandten Sorgen, welcher kurze Zeit zuvor noch zuhause gewesen war. Nach Rufen und Dauerklingeln rief er die 112. Wir konnten über den Balkon zerstörungsfrei in die Wohnung kommen und den gestürzten Patienten an den Rettungsdienst übergeben.</em></strong></p>
