{"id":22127,"date":"2025-04-22T19:09:00","date_gmt":"2025-04-22T17:09:00","guid":{"rendered":"https:\/\/ffw-erlenbach-stadt.de\/?post_type=einsatz&#038;p=22127"},"modified":"2025-04-24T12:42:12","modified_gmt":"2025-04-24T10:42:12","slug":"b4-brand-lagerhalle-2","status":"publish","type":"einsatz","link":"https:\/\/ffw-erlenbach-stadt.de\/index.php\/einsatzberichte\/b4-brand-lagerhalle-2\/","title":{"rendered":"B4 &#8211; Brand Lagerhalle"},"content":{"rendered":"\n<p><strong><em>Wir wurden am fr\u00fchen Abend zusammen mit anderen Feuerwehren zum Brand einer Firmenhalle alarmiert. Mit der bei uns stationierten Drohne des Landkreises unterst\u00fctzten wir die Einsatzleitung mit Bildern und Videos aus der Luft. Somit konnten wir zu einem besseren Lage\u00fcberblick beitragen und im sp\u00e4teren Einsatzverlauf gezielte L\u00f6schangriffe erm\u00f6glichen. Auch die Einsatzdokumentation f\u00fcr die Einsatzleitung und die Brandermittler k\u00f6nnen so sichergestellt werden.<\/em><\/strong><\/p>\n\n\n\n<p><strong><em>Zudem forderten unsere Kameraden beim deutschen Wetterdienst (DWD) eine Ausbreitungsprognose f\u00fcr den Brandrauch an um ggf. die Bev\u00f6lkerung rechtzeitig warnen zu k\u00f6nnen. Bei dem Schlagwort B4 sind wir mit Messleitkomponente und Drohne landkreisweit in der Erstalarmierung ber\u00fccksichtigt.<\/em><\/strong><\/p>\n\n\n\n<p><strong><em>Nach ca. 4,5 Std. war f\u00fcr uns der Einsatz beendet.<\/em><\/strong><\/p>\n\n\n\n<p><strong><em>Vielen Dank f\u00fcr die gute und professionelle Zusammenarbeit mit allen Organisationen!<\/em><\/strong><\/p>\n\n\n\n<figure class=\"wp-block-gallery has-nested-images columns-default is-cropped wp-block-gallery-1 is-layout-flex wp-block-gallery-is-layout-flex\">\n<figure class=\"wp-block-image size-large is-style-default\"><img fetchpriority=\"high\" decoding=\"async\" width=\"512\" height=\"409\" data-id=\"22129\" src=\"https:\/\/ffw-erlenbach-stadt.de\/wp-content\/uploads\/2025\/04\/1-3.jpg\" alt=\"\" class=\"wp-image-22129\" srcset=\"https:\/\/ffw-erlenbach-stadt.de\/wp-content\/uploads\/2025\/04\/1-3.jpg 512w, https:\/\/ffw-erlenbach-stadt.de\/wp-content\/uploads\/2025\/04\/1-3-300x240.jpg 300w\" sizes=\"(max-width: 512px) 100vw, 512px\" \/><\/figure>\n\n\n\n<figure class=\"wp-block-image size-large is-style-default\"><img decoding=\"async\" width=\"1024\" height=\"819\" data-id=\"22135\" src=\"https:\/\/ffw-erlenbach-stadt.de\/wp-content\/uploads\/2025\/04\/2-3-1024x819.jpg\" alt=\"\" class=\"wp-image-22135\" srcset=\"https:\/\/ffw-erlenbach-stadt.de\/wp-content\/uploads\/2025\/04\/2-3-1024x819.jpg 1024w, https:\/\/ffw-erlenbach-stadt.de\/wp-content\/uploads\/2025\/04\/2-3-300x240.jpg 300w, https:\/\/ffw-erlenbach-stadt.de\/wp-content\/uploads\/2025\/04\/2-3-768x614.jpg 768w, https:\/\/ffw-erlenbach-stadt.de\/wp-content\/uploads\/2025\/04\/2-3.jpg 1440w\" sizes=\"(max-width: 1024px) 100vw, 1024px\" \/><\/figure>\n\n\n\n<figure class=\"wp-block-image size-large is-style-default\"><img decoding=\"async\" width=\"1024\" height=\"819\" data-id=\"22136\" src=\"https:\/\/ffw-erlenbach-stadt.de\/wp-content\/uploads\/2025\/04\/3-2-1024x819.jpg\" alt=\"\" class=\"wp-image-22136\" srcset=\"https:\/\/ffw-erlenbach-stadt.de\/wp-content\/uploads\/2025\/04\/3-2-1024x819.jpg 1024w, https:\/\/ffw-erlenbach-stadt.de\/wp-content\/uploads\/2025\/04\/3-2-300x240.jpg 300w, https:\/\/ffw-erlenbach-stadt.de\/wp-content\/uploads\/2025\/04\/3-2-768x614.jpg 768w, https:\/\/ffw-erlenbach-stadt.de\/wp-content\/uploads\/2025\/04\/3-2.jpg 1440w\" sizes=\"(max-width: 1024px) 100vw, 1024px\" \/><\/figure>\n\n\n\n<figure class=\"wp-block-image size-large is-style-default\"><img loading=\"lazy\" decoding=\"async\" width=\"512\" height=\"409\" data-id=\"22128\" src=\"https:\/\/ffw-erlenbach-stadt.de\/wp-content\/uploads\/2025\/04\/4-1.jpg\" alt=\"\" class=\"wp-image-22128\" srcset=\"https:\/\/ffw-erlenbach-stadt.de\/wp-content\/uploads\/2025\/04\/4-1.jpg 512w, https:\/\/ffw-erlenbach-stadt.de\/wp-content\/uploads\/2025\/04\/4-1-300x240.jpg 300w\" sizes=\"(max-width: 512px) 100vw, 512px\" \/><\/figure>\n\n\n\n<figure class=\"wp-block-image size-large is-style-default\"><img loading=\"lazy\" decoding=\"async\" width=\"1024\" height=\"819\" data-id=\"22134\" src=\"https:\/\/ffw-erlenbach-stadt.de\/wp-content\/uploads\/2025\/04\/5-1024x819.jpg\" alt=\"\" class=\"wp-image-22134\" srcset=\"https:\/\/ffw-erlenbach-stadt.de\/wp-content\/uploads\/2025\/04\/5-1024x819.jpg 1024w, https:\/\/ffw-erlenbach-stadt.de\/wp-content\/uploads\/2025\/04\/5-300x240.jpg 300w, https:\/\/ffw-erlenbach-stadt.de\/wp-content\/uploads\/2025\/04\/5-768x614.jpg 768w, https:\/\/ffw-erlenbach-stadt.de\/wp-content\/uploads\/2025\/04\/5.jpg 1440w\" sizes=\"(max-width: 1024px) 100vw, 1024px\" \/><\/figure>\n\n\n\n<figure class=\"wp-block-image size-large is-style-default\"><img loading=\"lazy\" decoding=\"async\" width=\"1024\" height=\"819\" data-id=\"22130\" src=\"https:\/\/ffw-erlenbach-stadt.de\/wp-content\/uploads\/2025\/04\/6-1024x819.jpg\" alt=\"\" class=\"wp-image-22130\" srcset=\"https:\/\/ffw-erlenbach-stadt.de\/wp-content\/uploads\/2025\/04\/6-1024x819.jpg 1024w, https:\/\/ffw-erlenbach-stadt.de\/wp-content\/uploads\/2025\/04\/6-300x240.jpg 300w, https:\/\/ffw-erlenbach-stadt.de\/wp-content\/uploads\/2025\/04\/6-768x614.jpg 768w, https:\/\/ffw-erlenbach-stadt.de\/wp-content\/uploads\/2025\/04\/6.jpg 1440w\" sizes=\"(max-width: 1024px) 100vw, 1024px\" \/><\/figure>\n\n\n\n<figure class=\"wp-block-image size-large is-style-default\"><img loading=\"lazy\" decoding=\"async\" width=\"1024\" height=\"819\" data-id=\"22131\" src=\"https:\/\/ffw-erlenbach-stadt.de\/wp-content\/uploads\/2025\/04\/7-1024x819.jpg\" alt=\"\" class=\"wp-image-22131\" srcset=\"https:\/\/ffw-erlenbach-stadt.de\/wp-content\/uploads\/2025\/04\/7-1024x819.jpg 1024w, https:\/\/ffw-erlenbach-stadt.de\/wp-content\/uploads\/2025\/04\/7-300x240.jpg 300w, https:\/\/ffw-erlenbach-stadt.de\/wp-content\/uploads\/2025\/04\/7-768x614.jpg 768w, https:\/\/ffw-erlenbach-stadt.de\/wp-content\/uploads\/2025\/04\/7.jpg 1440w\" sizes=\"(max-width: 1024px) 100vw, 1024px\" \/><\/figure>\n\n\n\n<figure class=\"wp-block-image size-large is-style-default\"><img loading=\"lazy\" decoding=\"async\" width=\"1024\" height=\"819\" data-id=\"22137\" src=\"https:\/\/ffw-erlenbach-stadt.de\/wp-content\/uploads\/2025\/04\/8-1024x819.jpg\" alt=\"\" class=\"wp-image-22137\" srcset=\"https:\/\/ffw-erlenbach-stadt.de\/wp-content\/uploads\/2025\/04\/8-1024x819.jpg 1024w, https:\/\/ffw-erlenbach-stadt.de\/wp-content\/uploads\/2025\/04\/8-300x240.jpg 300w, https:\/\/ffw-erlenbach-stadt.de\/wp-content\/uploads\/2025\/04\/8-768x614.jpg 768w, https:\/\/ffw-erlenbach-stadt.de\/wp-content\/uploads\/2025\/04\/8.jpg 1440w\" sizes=\"(max-width: 1024px) 100vw, 1024px\" \/><\/figure>\n\n\n\n<figure class=\"wp-block-image size-large is-style-default\"><img loading=\"lazy\" decoding=\"async\" width=\"1440\" height=\"1152\" data-id=\"22132\" src=\"https:\/\/ffw-erlenbach-stadt.de\/wp-content\/uploads\/2025\/04\/9-1024x819.jpg\" alt=\"\" class=\"wp-image-22132\" srcset=\"https:\/\/ffw-erlenbach-stadt.de\/wp-content\/uploads\/2025\/04\/9-1024x819.jpg 1024w, https:\/\/ffw-erlenbach-stadt.de\/wp-content\/uploads\/2025\/04\/9-300x240.jpg 300w, https:\/\/ffw-erlenbach-stadt.de\/wp-content\/uploads\/2025\/04\/9-768x614.jpg 768w, https:\/\/ffw-erlenbach-stadt.de\/wp-content\/uploads\/2025\/04\/9.jpg 1440w\" sizes=\"(max-width: 1440px) 100vw, 1440px\" \/><\/figure>\n\n\n\n<figure class=\"wp-block-image size-large is-style-default\"><img loading=\"lazy\" decoding=\"async\" width=\"1024\" height=\"819\" data-id=\"22133\" src=\"https:\/\/ffw-erlenbach-stadt.de\/wp-content\/uploads\/2025\/04\/10-1024x819.jpg\" alt=\"\" class=\"wp-image-22133\" srcset=\"https:\/\/ffw-erlenbach-stadt.de\/wp-content\/uploads\/2025\/04\/10-1024x819.jpg 1024w, https:\/\/ffw-erlenbach-stadt.de\/wp-content\/uploads\/2025\/04\/10-300x240.jpg 300w, https:\/\/ffw-erlenbach-stadt.de\/wp-content\/uploads\/2025\/04\/10-768x614.jpg 768w, https:\/\/ffw-erlenbach-stadt.de\/wp-content\/uploads\/2025\/04\/10.jpg 1440w\" sizes=\"(max-width: 1024px) 100vw, 1024px\" \/><\/figure>\n<\/figure>\n","protected":false},"author":4,"featured_media":0,"template":"","meta":{"ngg_post_thumbnail":0,"einsatz_weight":1,"footnotes":""},"categories":[39],"tags":[],"einsatzart":[10],"fahrzeug":[268,269,63],"exteinsatzmittel":[144,59,66,60,65,91,229,12,92,86],"alarmierungsart":[214],"evw_unit":[],"class_list":["post-22127","einsatz","type-einsatz","status-publish","hentry","category-einsaetze","einsatzart-brand","fahrzeug-elw","fahrzeug-mlf","fahrzeug-dlk-2312","exteinsatzmittel-ff-eisenbach","exteinsatzmittel-feuerwehr-elsenfeld","exteinsatzmittel-ff-grossheubach","exteinsatzmittel-feuerwehr-obernburg","exteinsatzmittel-ff-trennfurt","exteinsatzmittel-ff-woerth","exteinsatzmittel-kreisbrandinspektion","exteinsatzmittel-polizei","exteinsatzmittel-rettungsdienst","exteinsatzmittel-thw-obernburg","alarmierungsart-fme-messgruppen-alarm"],"_links":{"self":[{"href":"https:\/\/ffw-erlenbach-stadt.de\/index.php\/wp-json\/wp\/v2\/einsatz\/22127","targetHints":{"allow":["GET"]}}],"collection":[{"href":"https:\/\/ffw-erlenbach-stadt.de\/index.php\/wp-json\/wp\/v2\/einsatz"}],"about":[{"href":"https:\/\/ffw-erlenbach-stadt.de\/index.php\/wp-json\/wp\/v2\/types\/einsatz"}],"author":[{"embeddable":true,"href":"https:\/\/ffw-erlenbach-stadt.de\/index.php\/wp-json\/wp\/v2\/users\/4"}],"version-history":[{"count":1,"href":"https:\/\/ffw-erlenbach-stadt.de\/index.php\/wp-json\/wp\/v2\/einsatz\/22127\/revisions"}],"predecessor-version":[{"id":22138,"href":"https:\/\/ffw-erlenbach-stadt.de\/index.php\/wp-json\/wp\/v2\/einsatz\/22127\/revisions\/22138"}],"wp:attachment":[{"href":"https:\/\/ffw-erlenbach-stadt.de\/index.php\/wp-json\/wp\/v2\/media?parent=22127"}],"wp:term":[{"taxonomy":"category","embeddable":true,"href":"https:\/\/ffw-erlenbach-stadt.de\/index.php\/wp-json\/wp\/v2\/categories?post=22127"},{"taxonomy":"post_tag","embeddable":true,"href":"https:\/\/ffw-erlenbach-stadt.de\/index.php\/wp-json\/wp\/v2\/tags?post=22127"},{"taxonomy":"einsatzart","embeddable":true,"href":"https:\/\/ffw-erlenbach-stadt.de\/index.php\/wp-json\/wp\/v2\/einsatzart?post=22127"},{"taxonomy":"fahrzeug","embeddable":true,"href":"https:\/\/ffw-erlenbach-stadt.de\/index.php\/wp-json\/wp\/v2\/fahrzeug?post=22127"},{"taxonomy":"exteinsatzmittel","embeddable":true,"href":"https:\/\/ffw-erlenbach-stadt.de\/index.php\/wp-json\/wp\/v2\/exteinsatzmittel?post=22127"},{"taxonomy":"alarmierungsart","embeddable":true,"href":"https:\/\/ffw-erlenbach-stadt.de\/index.php\/wp-json\/wp\/v2\/alarmierungsart?post=22127"},{"taxonomy":"evw_unit","embeddable":true,"href":"https:\/\/ffw-erlenbach-stadt.de\/index.php\/wp-json\/wp\/v2\/evw_unit?post=22127"}],"curies":[{"name":"wp","href":"https:\/\/api.w.org\/{rel}","templated":true}]}}

<p><strong><em>Wir wurden am frühen Abend zusammen mit anderen Feuerwehren zum Brand einer Firmenhalle alarmiert. Mit der bei uns stationierten Drohne des Landkreises unterstützten wir die Einsatzleitung mit Bildern und Videos aus der Luft. Somit konnten wir zu einem besseren Lageüberblick beitragen und im späteren Einsatzverlauf gezielte Löschangriffe ermöglichen. Auch die Einsatzdokumentation für die Einsatzleitung und die Brandermittler können so sichergestellt werden.</em></strong></p>



<p><strong><em>Zudem forderten unsere Kameraden beim deutschen Wetterdienst (DWD) eine Ausbreitungsprognose für den Brandrauch an um ggf. die Bevölkerung rechtzeitig warnen zu können. Bei dem Schlagwort B4 sind wir mit Messleitkomponente und Drohne landkreisweit in der Erstalarmierung berücksichtigt.</em></strong></p>



<p><strong><em>Nach ca. 4,5 Std. war für uns der Einsatz beendet.</em></strong></p>



<p><strong><em>Vielen Dank für die gute und professionelle Zusammenarbeit mit allen Organisationen!</em></strong></p>



<figure class="wp-block-gallery has-nested-images columns-default is-cropped wp-block-gallery-1 is-layout-flex wp-block-gallery-is-layout-flex">
<figure class="wp-block-image size-large is-style-default"><img fetchpriority="high" decoding="async" width="512" height="409" data-id="22129" src="https://ffw-erlenbach-stadt.de/wp-content/uploads/2025/04/1-3.jpg" alt="" class="wp-image-22129" srcset="https://ffw-erlenbach-stadt.de/wp-content/uploads/2025/04/1-3.jpg 512w, https://ffw-erlenbach-stadt.de/wp-content/uploads/2025/04/1-3-300x240.jpg 300w" sizes="(max-width: 512px) 100vw, 512px" /></figure>



<figure class="wp-block-image size-large is-style-default"><img decoding="async" width="1024" height="819" data-id="22135" src="https://ffw-erlenbach-stadt.de/wp-content/uploads/2025/04/2-3-1024x819.jpg" alt="" class="wp-image-22135" srcset="https://ffw-erlenbach-stadt.de/wp-content/uploads/2025/04/2-3-1024x819.jpg 1024w, https://ffw-erlenbach-stadt.de/wp-content/uploads/2025/04/2-3-300x240.jpg 300w, https://ffw-erlenbach-stadt.de/wp-content/uploads/2025/04/2-3-768x614.jpg 768w, https://ffw-erlenbach-stadt.de/wp-content/uploads/2025/04/2-3.jpg 1440w" sizes="(max-width: 1024px) 100vw, 1024px" /></figure>



<figure class="wp-block-image size-large is-style-default"><img decoding="async" width="1024" height="819" data-id="22136" src="https://ffw-erlenbach-stadt.de/wp-content/uploads/2025/04/3-2-1024x819.jpg" alt="" class="wp-image-22136" srcset="https://ffw-erlenbach-stadt.de/wp-content/uploads/2025/04/3-2-1024x819.jpg 1024w, https://ffw-erlenbach-stadt.de/wp-content/uploads/2025/04/3-2-300x240.jpg 300w, https://ffw-erlenbach-stadt.de/wp-content/uploads/2025/04/3-2-768x614.jpg 768w, https://ffw-erlenbach-stadt.de/wp-content/uploads/2025/04/3-2.jpg 1440w" sizes="(max-width: 1024px) 100vw, 1024px" /></figure>



<figure class="wp-block-image size-large is-style-default"><img loading="lazy" decoding="async" width="512" height="409" data-id="22128" src="https://ffw-erlenbach-stadt.de/wp-content/uploads/2025/04/4-1.jpg" alt="" class="wp-image-22128" srcset="https://ffw-erlenbach-stadt.de/wp-content/uploads/2025/04/4-1.jpg 512w, https://ffw-erlenbach-stadt.de/wp-content/uploads/2025/04/4-1-300x240.jpg 300w" sizes="(max-width: 512px) 100vw, 512px" /></figure>



<figure class="wp-block-image size-large is-style-default"><img loading="lazy" decoding="async" width="1024" height="819" data-id="22134" src="https://ffw-erlenbach-stadt.de/wp-content/uploads/2025/04/5-1024x819.jpg" alt="" class="wp-image-22134" srcset="https://ffw-erlenbach-stadt.de/wp-content/uploads/2025/04/5-1024x819.jpg 1024w, https://ffw-erlenbach-stadt.de/wp-content/uploads/2025/04/5-300x240.jpg 300w, https://ffw-erlenbach-stadt.de/wp-content/uploads/2025/04/5-768x614.jpg 768w, https://ffw-erlenbach-stadt.de/wp-content/uploads/2025/04/5.jpg 1440w" sizes="(max-width: 1024px) 100vw, 1024px" /></figure>



<figure class="wp-block-image size-large is-style-default"><img loading="lazy" decoding="async" width="1024" height="819" data-id="22130" src="https://ffw-erlenbach-stadt.de/wp-content/uploads/2025/04/6-1024x819.jpg" alt="" class="wp-image-22130" srcset="https://ffw-erlenbach-stadt.de/wp-content/uploads/2025/04/6-1024x819.jpg 1024w, https://ffw-erlenbach-stadt.de/wp-content/uploads/2025/04/6-300x240.jpg 300w, https://ffw-erlenbach-stadt.de/wp-content/uploads/2025/04/6-768x614.jpg 768w, https://ffw-erlenbach-stadt.de/wp-content/uploads/2025/04/6.jpg 1440w" sizes="(max-width: 1024px) 100vw, 1024px" /></figure>



<figure class="wp-block-image size-large is-style-default"><img loading="lazy" decoding="async" width="1024" height="819" data-id="22131" src="https://ffw-erlenbach-stadt.de/wp-content/uploads/2025/04/7-1024x819.jpg" alt="" class="wp-image-22131" srcset="https://ffw-erlenbach-stadt.de/wp-content/uploads/2025/04/7-1024x819.jpg 1024w, https://ffw-erlenbach-stadt.de/wp-content/uploads/2025/04/7-300x240.jpg 300w, https://ffw-erlenbach-stadt.de/wp-content/uploads/2025/04/7-768x614.jpg 768w, https://ffw-erlenbach-stadt.de/wp-content/uploads/2025/04/7.jpg 1440w" sizes="(max-width: 1024px) 100vw, 1024px" /></figure>



<figure class="wp-block-image size-large is-style-default"><img loading="lazy" decoding="async" width="1024" height="819" data-id="22137" src="https://ffw-erlenbach-stadt.de/wp-content/uploads/2025/04/8-1024x819.jpg" alt="" class="wp-image-22137" srcset="https://ffw-erlenbach-stadt.de/wp-content/uploads/2025/04/8-1024x819.jpg 1024w, https://ffw-erlenbach-stadt.de/wp-content/uploads/2025/04/8-300x240.jpg 300w, https://ffw-erlenbach-stadt.de/wp-content/uploads/2025/04/8-768x614.jpg 768w, https://ffw-erlenbach-stadt.de/wp-content/uploads/2025/04/8.jpg 1440w" sizes="(max-width: 1024px) 100vw, 1024px" /></figure>



<figure class="wp-block-image size-large is-style-default"><img loading="lazy" decoding="async" width="1440" height="1152" data-id="22132" src="https://ffw-erlenbach-stadt.de/wp-content/uploads/2025/04/9-1024x819.jpg" alt="" class="wp-image-22132" srcset="https://ffw-erlenbach-stadt.de/wp-content/uploads/2025/04/9-1024x819.jpg 1024w, https://ffw-erlenbach-stadt.de/wp-content/uploads/2025/04/9-300x240.jpg 300w, https://ffw-erlenbach-stadt.de/wp-content/uploads/2025/04/9-768x614.jpg 768w, https://ffw-erlenbach-stadt.de/wp-content/uploads/2025/04/9.jpg 1440w" sizes="(max-width: 1440px) 100vw, 1440px" /></figure>



<figure class="wp-block-image size-large is-style-default"><img loading="lazy" decoding="async" width="1024" height="819" data-id="22133" src="https://ffw-erlenbach-stadt.de/wp-content/uploads/2025/04/10-1024x819.jpg" alt="" class="wp-image-22133" srcset="https://ffw-erlenbach-stadt.de/wp-content/uploads/2025/04/10-1024x819.jpg 1024w, https://ffw-erlenbach-stadt.de/wp-content/uploads/2025/04/10-300x240.jpg 300w, https://ffw-erlenbach-stadt.de/wp-content/uploads/2025/04/10-768x614.jpg 768w, https://ffw-erlenbach-stadt.de/wp-content/uploads/2025/04/10.jpg 1440w" sizes="(max-width: 1024px) 100vw, 1024px" /></figure>
</figure>
