{"id":22106,"date":"2025-03-24T18:24:00","date_gmt":"2025-03-24T17:24:00","guid":{"rendered":"https:\/\/ffw-erlenbach-stadt.de\/?post_type=einsatz&#038;p=22106"},"modified":"2025-04-20T00:20:36","modified_gmt":"2025-04-19T22:20:36","slug":"thl1-wohnung-oeffnen-akut-6","status":"publish","type":"einsatz","link":"https:\/\/ffw-erlenbach-stadt.de\/index.php\/einsatzberichte\/thl1-wohnung-oeffnen-akut-6\/","title":{"rendered":"THL1 &#8211; Wohnung \u00f6ffnen akut"},"content":{"rendered":"\n<p><strong><em>Noch am selben Abend wurden wir wieder alarmiert. Diesmal zu einer Wohnungs\u00f6ffnung in die Liebigstra\u00dfe. Wir \u00f6ffneten die Wohnung und unterst\u00fctzten den Rettungsdienst.<\/em><\/strong><\/p>\n","protected":false},"author":4,"featured_media":0,"template":"","meta":{"ngg_post_thumbnail":0,"einsatz_weight":1,"footnotes":""},"categories":[39],"tags":[],"einsatzart":[120],"fahrzeug":[268,269],"exteinsatzmittel":[12,92],"alarmierungsart":[206],"evw_unit":[],"class_list":["post-22106","einsatz","type-einsatz","status-publish","hentry","category-einsaetze","einsatzart-thl-person-in-gefahr","fahrzeug-elw","fahrzeug-mlf","exteinsatzmittel-polizei","exteinsatzmittel-rettungsdienst","alarmierungsart-trupp-alarm"],"_links":{"self":[{"href":"https:\/\/ffw-erlenbach-stadt.de\/index.php\/wp-json\/wp\/v2\/einsatz\/22106","targetHints":{"allow":["GET"]}}],"collection":[{"href":"https:\/\/ffw-erlenbach-stadt.de\/index.php\/wp-json\/wp\/v2\/einsatz"}],"about":[{"href":"https:\/\/ffw-erlenbach-stadt.de\/index.php\/wp-json\/wp\/v2\/types\/einsatz"}],"author":[{"embeddable":true,"href":"https:\/\/ffw-erlenbach-stadt.de\/index.php\/wp-json\/wp\/v2\/users\/4"}],"version-history":[{"count":1,"href":"https:\/\/ffw-erlenbach-stadt.de\/index.php\/wp-json\/wp\/v2\/einsatz\/22106\/revisions"}],"predecessor-version":[{"id":22107,"href":"https:\/\/ffw-erlenbach-stadt.de\/index.php\/wp-json\/wp\/v2\/einsatz\/22106\/revisions\/22107"}],"wp:attachment":[{"href":"https:\/\/ffw-erlenbach-stadt.de\/index.php\/wp-json\/wp\/v2\/media?parent=22106"}],"wp:term":[{"taxonomy":"category","embeddable":true,"href":"https:\/\/ffw-erlenbach-stadt.de\/index.php\/wp-json\/wp\/v2\/categories?post=22106"},{"taxonomy":"post_tag","embeddable":true,"href":"https:\/\/ffw-erlenbach-stadt.de\/index.php\/wp-json\/wp\/v2\/tags?post=22106"},{"taxonomy":"einsatzart","embeddable":true,"href":"https:\/\/ffw-erlenbach-stadt.de\/index.php\/wp-json\/wp\/v2\/einsatzart?post=22106"},{"taxonomy":"fahrzeug","embeddable":true,"href":"https:\/\/ffw-erlenbach-stadt.de\/index.php\/wp-json\/wp\/v2\/fahrzeug?post=22106"},{"taxonomy":"exteinsatzmittel","embeddable":true,"href":"https:\/\/ffw-erlenbach-stadt.de\/index.php\/wp-json\/wp\/v2\/exteinsatzmittel?post=22106"},{"taxonomy":"alarmierungsart","embeddable":true,"href":"https:\/\/ffw-erlenbach-stadt.de\/index.php\/wp-json\/wp\/v2\/alarmierungsart?post=22106"},{"taxonomy":"evw_unit","embeddable":true,"href":"https:\/\/ffw-erlenbach-stadt.de\/index.php\/wp-json\/wp\/v2\/evw_unit?post=22106"}],"curies":[{"name":"wp","href":"https:\/\/api.w.org\/{rel}","templated":true}]}}

THL1 &#8211; Wohnung öffnen akut

<p><strong><em>Noch am selben Abend wurden wir wieder alarmiert. Diesmal zu einer Wohnungsöffnung in die Liebigstraße. Wir öffneten die Wohnung und unterstützten den Rettungsdienst.</em></strong></p>
