{"id":22085,"date":"2025-02-23T19:22:00","date_gmt":"2025-02-23T18:22:00","guid":{"rendered":"https:\/\/ffw-erlenbach-stadt.de\/?post_type=einsatz&#038;p=22085"},"modified":"2025-02-25T11:20:55","modified_gmt":"2025-02-25T10:20:55","slug":"thl1-vu-mit-motorrad","status":"publish","type":"einsatz","link":"https:\/\/ffw-erlenbach-stadt.de\/index.php\/einsatzberichte\/thl1-vu-mit-motorrad\/","title":{"rendered":"THL1 &#8211; VU mit Motorrad"},"content":{"rendered":"\n<p><em><strong>Am Abend wurden wir zu einem Verkehrsunfall auf der Kreuzung vor dem Ger\u00e4tehaus alarmiert. Einige anr\u00fcckende Einsatzkr\u00e4fte blieben privat an der Einsatzstelle halten um Erste-Hilfe zu leisten und den Rettungsdienst zu unterst\u00fctzen.<\/strong><\/em><\/p>\n\n\n\n<p><em><strong>Wir leuchteten die Unfallstelle aus, banden auslaufende Betriebsmittel und s\u00e4uberten den Kreuzungsbereich, nachdem die Unfallfahrzeuge geborgen wurden.<\/strong><\/em><\/p>\n\n\n\n<p><strong><em>F\u00fcr uns war der Einsatz nach ca. 1,5 Std. beendet.<\/em><\/strong><\/p>\n\n\n\n<p><strong><em>Den Verletzten w\u00fcnschen wir eine schnelle Genesung.<\/em><\/strong><\/p>\n\n\n\n<figure class=\"wp-block-image is-style-default\"><img decoding=\"async\" src=\"https:\/\/static.xx.fbcdn.net\/images\/emoji.php\/v9\/t97\/1\/16\/1f469_1f3fc_200d_1f692.png\" alt=\"\ud83d\udc69\ud83c\udffc\u200d\ud83d\ude92\"\/><\/figure>\n\n\n\n<figure class=\"wp-block-image is-style-default\"><img decoding=\"async\" src=\"https:\/\/static.xx.fbcdn.net\/images\/emoji.php\/v9\/t67\/1\/16\/1f692.png\" alt=\"\ud83d\ude92\"\/><\/figure>\n\n\n\n<p><strong><em>Es waren insgesamt 22 Einsatzkr\u00e4fte mit dem ELW, HLF, MLF und GW-S an der Einsatzstelle.<\/em><\/strong><\/p>\n\n\n\n<figure class=\"wp-block-gallery has-nested-images columns-default is-cropped wp-block-gallery-1 is-layout-flex wp-block-gallery-is-layout-flex\">\n<figure class=\"wp-block-image size-large is-style-default\"><img fetchpriority=\"high\" decoding=\"async\" width=\"1024\" height=\"768\" data-id=\"22090\" src=\"https:\/\/ffw-erlenbach-stadt.de\/wp-content\/uploads\/2025\/02\/1-Eraser-1024x768.jpg\" alt=\"\" class=\"wp-image-22090\" srcset=\"https:\/\/ffw-erlenbach-stadt.de\/wp-content\/uploads\/2025\/02\/1-Eraser-1024x768.jpg 1024w, https:\/\/ffw-erlenbach-stadt.de\/wp-content\/uploads\/2025\/02\/1-Eraser-300x225.jpg 300w, https:\/\/ffw-erlenbach-stadt.de\/wp-content\/uploads\/2025\/02\/1-Eraser-768x576.jpg 768w, https:\/\/ffw-erlenbach-stadt.de\/wp-content\/uploads\/2025\/02\/1-Eraser.jpg 1500w\" sizes=\"(max-width: 1024px) 100vw, 1024px\" \/><\/figure>\n\n\n\n<figure class=\"wp-block-image size-large is-style-default\"><img decoding=\"async\" width=\"1024\" height=\"576\" data-id=\"22087\" src=\"https:\/\/ffw-erlenbach-stadt.de\/wp-content\/uploads\/2025\/02\/2-Eraser-1024x576.jpg\" alt=\"\" class=\"wp-image-22087\" srcset=\"https:\/\/ffw-erlenbach-stadt.de\/wp-content\/uploads\/2025\/02\/2-Eraser-1024x576.jpg 1024w, https:\/\/ffw-erlenbach-stadt.de\/wp-content\/uploads\/2025\/02\/2-Eraser-300x169.jpg 300w, https:\/\/ffw-erlenbach-stadt.de\/wp-content\/uploads\/2025\/02\/2-Eraser-768x432.jpg 768w, https:\/\/ffw-erlenbach-stadt.de\/wp-content\/uploads\/2025\/02\/2-Eraser.jpg 1500w\" sizes=\"(max-width: 1024px) 100vw, 1024px\" \/><\/figure>\n\n\n\n<figure class=\"wp-block-image size-large is-style-default\"><img decoding=\"async\" width=\"1024\" height=\"576\" data-id=\"22088\" src=\"https:\/\/ffw-erlenbach-stadt.de\/wp-content\/uploads\/2025\/02\/3-Eraser-1024x576.jpg\" alt=\"\" class=\"wp-image-22088\" srcset=\"https:\/\/ffw-erlenbach-stadt.de\/wp-content\/uploads\/2025\/02\/3-Eraser-1024x576.jpg 1024w, https:\/\/ffw-erlenbach-stadt.de\/wp-content\/uploads\/2025\/02\/3-Eraser-300x169.jpg 300w, https:\/\/ffw-erlenbach-stadt.de\/wp-content\/uploads\/2025\/02\/3-Eraser-768x432.jpg 768w, https:\/\/ffw-erlenbach-stadt.de\/wp-content\/uploads\/2025\/02\/3-Eraser.jpg 1500w\" sizes=\"(max-width: 1024px) 100vw, 1024px\" \/><\/figure>\n\n\n\n<figure class=\"wp-block-image size-large is-style-default\"><img loading=\"lazy\" decoding=\"async\" width=\"1024\" height=\"575\" data-id=\"22086\" src=\"https:\/\/ffw-erlenbach-stadt.de\/wp-content\/uploads\/2025\/02\/4-1024x575.jpg\" alt=\"\" class=\"wp-image-22086\" srcset=\"https:\/\/ffw-erlenbach-stadt.de\/wp-content\/uploads\/2025\/02\/4-1024x575.jpg 1024w, https:\/\/ffw-erlenbach-stadt.de\/wp-content\/uploads\/2025\/02\/4-300x169.jpg 300w, https:\/\/ffw-erlenbach-stadt.de\/wp-content\/uploads\/2025\/02\/4-768x432.jpg 768w, https:\/\/ffw-erlenbach-stadt.de\/wp-content\/uploads\/2025\/02\/4.jpg 1500w\" sizes=\"(max-width: 1024px) 100vw, 1024px\" \/><\/figure>\n\n\n\n<figure class=\"wp-block-image size-large is-style-default\"><img loading=\"lazy\" decoding=\"async\" width=\"1024\" height=\"576\" data-id=\"22089\" src=\"https:\/\/ffw-erlenbach-stadt.de\/wp-content\/uploads\/2025\/02\/5-Eraser-1024x576.jpg\" alt=\"\" class=\"wp-image-22089\" srcset=\"https:\/\/ffw-erlenbach-stadt.de\/wp-content\/uploads\/2025\/02\/5-Eraser-1024x576.jpg 1024w, https:\/\/ffw-erlenbach-stadt.de\/wp-content\/uploads\/2025\/02\/5-Eraser-300x169.jpg 300w, https:\/\/ffw-erlenbach-stadt.de\/wp-content\/uploads\/2025\/02\/5-Eraser-768x432.jpg 768w, https:\/\/ffw-erlenbach-stadt.de\/wp-content\/uploads\/2025\/02\/5-Eraser.jpg 1500w\" sizes=\"(max-width: 1024px) 100vw, 1024px\" \/><\/figure>\n<\/figure>\n","protected":false},"author":4,"featured_media":0,"template":"","meta":{"ngg_post_thumbnail":0,"einsatz_weight":1,"footnotes":""},"categories":[39],"tags":[],"einsatzart":[56],"fahrzeug":[268,54,52,269],"exteinsatzmittel":[12,92],"alarmierungsart":[207],"evw_unit":[],"class_list":["post-22085","einsatz","type-einsatz","status-publish","hentry","category-einsaetze","einsatzart-vehrkehrsunfall","fahrzeug-elw","fahrzeug-gw-s","fahrzeug-hlf2016","fahrzeug-mlf","exteinsatzmittel-polizei","exteinsatzmittel-rettungsdienst","alarmierungsart-gruppen-alarm"],"_links":{"self":[{"href":"https:\/\/ffw-erlenbach-stadt.de\/index.php\/wp-json\/wp\/v2\/einsatz\/22085","targetHints":{"allow":["GET"]}}],"collection":[{"href":"https:\/\/ffw-erlenbach-stadt.de\/index.php\/wp-json\/wp\/v2\/einsatz"}],"about":[{"href":"https:\/\/ffw-erlenbach-stadt.de\/index.php\/wp-json\/wp\/v2\/types\/einsatz"}],"author":[{"embeddable":true,"href":"https:\/\/ffw-erlenbach-stadt.de\/index.php\/wp-json\/wp\/v2\/users\/4"}],"version-history":[{"count":1,"href":"https:\/\/ffw-erlenbach-stadt.de\/index.php\/wp-json\/wp\/v2\/einsatz\/22085\/revisions"}],"predecessor-version":[{"id":22091,"href":"https:\/\/ffw-erlenbach-stadt.de\/index.php\/wp-json\/wp\/v2\/einsatz\/22085\/revisions\/22091"}],"wp:attachment":[{"href":"https:\/\/ffw-erlenbach-stadt.de\/index.php\/wp-json\/wp\/v2\/media?parent=22085"}],"wp:term":[{"taxonomy":"category","embeddable":true,"href":"https:\/\/ffw-erlenbach-stadt.de\/index.php\/wp-json\/wp\/v2\/categories?post=22085"},{"taxonomy":"post_tag","embeddable":true,"href":"https:\/\/ffw-erlenbach-stadt.de\/index.php\/wp-json\/wp\/v2\/tags?post=22085"},{"taxonomy":"einsatzart","embeddable":true,"href":"https:\/\/ffw-erlenbach-stadt.de\/index.php\/wp-json\/wp\/v2\/einsatzart?post=22085"},{"taxonomy":"fahrzeug","embeddable":true,"href":"https:\/\/ffw-erlenbach-stadt.de\/index.php\/wp-json\/wp\/v2\/fahrzeug?post=22085"},{"taxonomy":"exteinsatzmittel","embeddable":true,"href":"https:\/\/ffw-erlenbach-stadt.de\/index.php\/wp-json\/wp\/v2\/exteinsatzmittel?post=22085"},{"taxonomy":"alarmierungsart","embeddable":true,"href":"https:\/\/ffw-erlenbach-stadt.de\/index.php\/wp-json\/wp\/v2\/alarmierungsart?post=22085"},{"taxonomy":"evw_unit","embeddable":true,"href":"https:\/\/ffw-erlenbach-stadt.de\/index.php\/wp-json\/wp\/v2\/evw_unit?post=22085"}],"curies":[{"name":"wp","href":"https:\/\/api.w.org\/{rel}","templated":true}]}}

<p><em><strong>Am Abend wurden wir zu einem Verkehrsunfall auf der Kreuzung vor dem Gerätehaus alarmiert. Einige anrückende Einsatzkräfte blieben privat an der Einsatzstelle halten um Erste-Hilfe zu leisten und den Rettungsdienst zu unterstützen.</strong></em></p>



<p><em><strong>Wir leuchteten die Unfallstelle aus, banden auslaufende Betriebsmittel und säuberten den Kreuzungsbereich, nachdem die Unfallfahrzeuge geborgen wurden.</strong></em></p>



<p><strong><em>Für uns war der Einsatz nach ca. 1,5 Std. beendet.</em></strong></p>



<p><strong><em>Den Verletzten wünschen wir eine schnelle Genesung.</em></strong></p>



<figure class="wp-block-image is-style-default"><img decoding="async" src="https://static.xx.fbcdn.net/images/emoji.php/v9/t97/1/16/1f469_1f3fc_200d_1f692.png" alt="👩🏼‍🚒"/></figure>



<figure class="wp-block-image is-style-default"><img decoding="async" src="https://static.xx.fbcdn.net/images/emoji.php/v9/t67/1/16/1f692.png" alt="🚒"/></figure>



<p><strong><em>Es waren insgesamt 22 Einsatzkräfte mit dem ELW, HLF, MLF und GW-S an der Einsatzstelle.</em></strong></p>



<figure class="wp-block-gallery has-nested-images columns-default is-cropped wp-block-gallery-1 is-layout-flex wp-block-gallery-is-layout-flex">
<figure class="wp-block-image size-large is-style-default"><img fetchpriority="high" decoding="async" width="1024" height="768" data-id="22090" src="https://ffw-erlenbach-stadt.de/wp-content/uploads/2025/02/1-Eraser-1024x768.jpg" alt="" class="wp-image-22090" srcset="https://ffw-erlenbach-stadt.de/wp-content/uploads/2025/02/1-Eraser-1024x768.jpg 1024w, https://ffw-erlenbach-stadt.de/wp-content/uploads/2025/02/1-Eraser-300x225.jpg 300w, https://ffw-erlenbach-stadt.de/wp-content/uploads/2025/02/1-Eraser-768x576.jpg 768w, https://ffw-erlenbach-stadt.de/wp-content/uploads/2025/02/1-Eraser.jpg 1500w" sizes="(max-width: 1024px) 100vw, 1024px" /></figure>



<figure class="wp-block-image size-large is-style-default"><img decoding="async" width="1024" height="576" data-id="22087" src="https://ffw-erlenbach-stadt.de/wp-content/uploads/2025/02/2-Eraser-1024x576.jpg" alt="" class="wp-image-22087" srcset="https://ffw-erlenbach-stadt.de/wp-content/uploads/2025/02/2-Eraser-1024x576.jpg 1024w, https://ffw-erlenbach-stadt.de/wp-content/uploads/2025/02/2-Eraser-300x169.jpg 300w, https://ffw-erlenbach-stadt.de/wp-content/uploads/2025/02/2-Eraser-768x432.jpg 768w, https://ffw-erlenbach-stadt.de/wp-content/uploads/2025/02/2-Eraser.jpg 1500w" sizes="(max-width: 1024px) 100vw, 1024px" /></figure>



<figure class="wp-block-image size-large is-style-default"><img decoding="async" width="1024" height="576" data-id="22088" src="https://ffw-erlenbach-stadt.de/wp-content/uploads/2025/02/3-Eraser-1024x576.jpg" alt="" class="wp-image-22088" srcset="https://ffw-erlenbach-stadt.de/wp-content/uploads/2025/02/3-Eraser-1024x576.jpg 1024w, https://ffw-erlenbach-stadt.de/wp-content/uploads/2025/02/3-Eraser-300x169.jpg 300w, https://ffw-erlenbach-stadt.de/wp-content/uploads/2025/02/3-Eraser-768x432.jpg 768w, https://ffw-erlenbach-stadt.de/wp-content/uploads/2025/02/3-Eraser.jpg 1500w" sizes="(max-width: 1024px) 100vw, 1024px" /></figure>



<figure class="wp-block-image size-large is-style-default"><img loading="lazy" decoding="async" width="1024" height="575" data-id="22086" src="https://ffw-erlenbach-stadt.de/wp-content/uploads/2025/02/4-1024x575.jpg" alt="" class="wp-image-22086" srcset="https://ffw-erlenbach-stadt.de/wp-content/uploads/2025/02/4-1024x575.jpg 1024w, https://ffw-erlenbach-stadt.de/wp-content/uploads/2025/02/4-300x169.jpg 300w, https://ffw-erlenbach-stadt.de/wp-content/uploads/2025/02/4-768x432.jpg 768w, https://ffw-erlenbach-stadt.de/wp-content/uploads/2025/02/4.jpg 1500w" sizes="(max-width: 1024px) 100vw, 1024px" /></figure>



<figure class="wp-block-image size-large is-style-default"><img loading="lazy" decoding="async" width="1024" height="576" data-id="22089" src="https://ffw-erlenbach-stadt.de/wp-content/uploads/2025/02/5-Eraser-1024x576.jpg" alt="" class="wp-image-22089" srcset="https://ffw-erlenbach-stadt.de/wp-content/uploads/2025/02/5-Eraser-1024x576.jpg 1024w, https://ffw-erlenbach-stadt.de/wp-content/uploads/2025/02/5-Eraser-300x169.jpg 300w, https://ffw-erlenbach-stadt.de/wp-content/uploads/2025/02/5-Eraser-768x432.jpg 768w, https://ffw-erlenbach-stadt.de/wp-content/uploads/2025/02/5-Eraser.jpg 1500w" sizes="(max-width: 1024px) 100vw, 1024px" /></figure>
</figure>
