{"id":21931,"date":"2024-09-12T02:36:00","date_gmt":"2024-09-12T00:36:00","guid":{"rendered":"https:\/\/ffw-erlenbach-stadt.de\/?post_type=einsatz&#038;p=21931"},"modified":"2024-09-12T11:13:39","modified_gmt":"2024-09-12T09:13:39","slug":"thl1-tueroeffnung-akut-13","status":"publish","type":"einsatz","link":"https:\/\/ffw-erlenbach-stadt.de\/index.php\/einsatzberichte\/thl1-tueroeffnung-akut-13\/","title":{"rendered":"THL1 &#8211; T\u00fcr\u00f6ffnung akut"},"content":{"rendered":"\n<p><strong><em>In der Nacht wurden wir um 2:36 Uhr zu einer \u201eT\u00fcr\u00f6ffnung akut&#8220; alarmiert. Wir \u00f6ffneten die T\u00fcre und \u00fcbergaben die Einsatzstelle an die Polizei und dem Rettungsdienst.<\/em><\/strong><\/p>\n","protected":false},"author":4,"featured_media":0,"template":"","meta":{"ngg_post_thumbnail":0,"einsatz_weight":1,"footnotes":""},"categories":[39],"tags":[],"einsatzart":[120],"fahrzeug":[269],"exteinsatzmittel":[12,92],"alarmierungsart":[206],"evw_unit":[],"class_list":["post-21931","einsatz","type-einsatz","status-publish","hentry","category-einsaetze","einsatzart-thl-person-in-gefahr","fahrzeug-mlf","exteinsatzmittel-polizei","exteinsatzmittel-rettungsdienst","alarmierungsart-trupp-alarm"],"_links":{"self":[{"href":"https:\/\/ffw-erlenbach-stadt.de\/index.php\/wp-json\/wp\/v2\/einsatz\/21931","targetHints":{"allow":["GET"]}}],"collection":[{"href":"https:\/\/ffw-erlenbach-stadt.de\/index.php\/wp-json\/wp\/v2\/einsatz"}],"about":[{"href":"https:\/\/ffw-erlenbach-stadt.de\/index.php\/wp-json\/wp\/v2\/types\/einsatz"}],"author":[{"embeddable":true,"href":"https:\/\/ffw-erlenbach-stadt.de\/index.php\/wp-json\/wp\/v2\/users\/4"}],"version-history":[{"count":1,"href":"https:\/\/ffw-erlenbach-stadt.de\/index.php\/wp-json\/wp\/v2\/einsatz\/21931\/revisions"}],"predecessor-version":[{"id":21932,"href":"https:\/\/ffw-erlenbach-stadt.de\/index.php\/wp-json\/wp\/v2\/einsatz\/21931\/revisions\/21932"}],"wp:attachment":[{"href":"https:\/\/ffw-erlenbach-stadt.de\/index.php\/wp-json\/wp\/v2\/media?parent=21931"}],"wp:term":[{"taxonomy":"category","embeddable":true,"href":"https:\/\/ffw-erlenbach-stadt.de\/index.php\/wp-json\/wp\/v2\/categories?post=21931"},{"taxonomy":"post_tag","embeddable":true,"href":"https:\/\/ffw-erlenbach-stadt.de\/index.php\/wp-json\/wp\/v2\/tags?post=21931"},{"taxonomy":"einsatzart","embeddable":true,"href":"https:\/\/ffw-erlenbach-stadt.de\/index.php\/wp-json\/wp\/v2\/einsatzart?post=21931"},{"taxonomy":"fahrzeug","embeddable":true,"href":"https:\/\/ffw-erlenbach-stadt.de\/index.php\/wp-json\/wp\/v2\/fahrzeug?post=21931"},{"taxonomy":"exteinsatzmittel","embeddable":true,"href":"https:\/\/ffw-erlenbach-stadt.de\/index.php\/wp-json\/wp\/v2\/exteinsatzmittel?post=21931"},{"taxonomy":"alarmierungsart","embeddable":true,"href":"https:\/\/ffw-erlenbach-stadt.de\/index.php\/wp-json\/wp\/v2\/alarmierungsart?post=21931"},{"taxonomy":"evw_unit","embeddable":true,"href":"https:\/\/ffw-erlenbach-stadt.de\/index.php\/wp-json\/wp\/v2\/evw_unit?post=21931"}],"curies":[{"name":"wp","href":"https:\/\/api.w.org\/{rel}","templated":true}]}}

THL1 &#8211; Türöffnung akut

<p><strong><em>In der Nacht wurden wir um 2:36 Uhr zu einer „Türöffnung akut&#8220; alarmiert. Wir öffneten die Türe und übergaben die Einsatzstelle an die Polizei und dem Rettungsdienst.</em></strong></p>
