{"id":21871,"date":"2024-06-18T12:38:00","date_gmt":"2024-06-18T10:38:00","guid":{"rendered":"https:\/\/ffw-erlenbach-stadt.de\/?post_type=einsatz&#038;p=21871"},"modified":"2024-07-23T22:01:24","modified_gmt":"2024-07-23T20:01:24","slug":"thl1-tueroeffnung-akut-11","status":"publish","type":"einsatz","link":"https:\/\/ffw-erlenbach-stadt.de\/index.php\/einsatzberichte\/thl1-tueroeffnung-akut-11\/","title":{"rendered":"THL1 &#8211; T\u00fcr\u00f6ffnung akut"},"content":{"rendered":"\n<p><strong><em>Die Rettungskr\u00e4fte wurde alarmiert, da eine Person nicht erreichbar war. Diese \u00f6ffnete uns selbstst\u00e4ndig die T\u00fcre, somit war kein Einsatz f\u00fcr die Feuerwehr notwendig.<\/em><\/strong><\/p>\n\n\n\n<figure class=\"wp-block-image size-large is-style-default\"><img fetchpriority=\"high\" decoding=\"async\" width=\"1024\" height=\"768\" src=\"https:\/\/ffw-erlenbach-stadt.de\/wp-content\/uploads\/2024\/07\/IMG-20240618-WA0002-1024x768.jpg\" alt=\"\" class=\"wp-image-21872\" srcset=\"https:\/\/ffw-erlenbach-stadt.de\/wp-content\/uploads\/2024\/07\/IMG-20240618-WA0002-1024x768.jpg 1024w, https:\/\/ffw-erlenbach-stadt.de\/wp-content\/uploads\/2024\/07\/IMG-20240618-WA0002-300x225.jpg 300w, https:\/\/ffw-erlenbach-stadt.de\/wp-content\/uploads\/2024\/07\/IMG-20240618-WA0002-768x576.jpg 768w, https:\/\/ffw-erlenbach-stadt.de\/wp-content\/uploads\/2024\/07\/IMG-20240618-WA0002-1536x1152.jpg 1536w, https:\/\/ffw-erlenbach-stadt.de\/wp-content\/uploads\/2024\/07\/IMG-20240618-WA0002.jpg 1600w\" sizes=\"(max-width: 1024px) 100vw, 1024px\" \/><\/figure>\n","protected":false},"author":4,"featured_media":0,"template":"","meta":{"ngg_post_thumbnail":0,"einsatz_weight":1,"footnotes":""},"categories":[39],"tags":[],"einsatzart":[172],"fahrzeug":[268,269],"exteinsatzmittel":[12,92],"alarmierungsart":[206],"evw_unit":[],"class_list":["post-21871","einsatz","type-einsatz","status-publish","hentry","category-einsaetze","einsatzart-tueroeffnung-akut","fahrzeug-elw","fahrzeug-mlf","exteinsatzmittel-polizei","exteinsatzmittel-rettungsdienst","alarmierungsart-trupp-alarm"],"_links":{"self":[{"href":"https:\/\/ffw-erlenbach-stadt.de\/index.php\/wp-json\/wp\/v2\/einsatz\/21871","targetHints":{"allow":["GET"]}}],"collection":[{"href":"https:\/\/ffw-erlenbach-stadt.de\/index.php\/wp-json\/wp\/v2\/einsatz"}],"about":[{"href":"https:\/\/ffw-erlenbach-stadt.de\/index.php\/wp-json\/wp\/v2\/types\/einsatz"}],"author":[{"embeddable":true,"href":"https:\/\/ffw-erlenbach-stadt.de\/index.php\/wp-json\/wp\/v2\/users\/4"}],"version-history":[{"count":1,"href":"https:\/\/ffw-erlenbach-stadt.de\/index.php\/wp-json\/wp\/v2\/einsatz\/21871\/revisions"}],"predecessor-version":[{"id":21873,"href":"https:\/\/ffw-erlenbach-stadt.de\/index.php\/wp-json\/wp\/v2\/einsatz\/21871\/revisions\/21873"}],"wp:attachment":[{"href":"https:\/\/ffw-erlenbach-stadt.de\/index.php\/wp-json\/wp\/v2\/media?parent=21871"}],"wp:term":[{"taxonomy":"category","embeddable":true,"href":"https:\/\/ffw-erlenbach-stadt.de\/index.php\/wp-json\/wp\/v2\/categories?post=21871"},{"taxonomy":"post_tag","embeddable":true,"href":"https:\/\/ffw-erlenbach-stadt.de\/index.php\/wp-json\/wp\/v2\/tags?post=21871"},{"taxonomy":"einsatzart","embeddable":true,"href":"https:\/\/ffw-erlenbach-stadt.de\/index.php\/wp-json\/wp\/v2\/einsatzart?post=21871"},{"taxonomy":"fahrzeug","embeddable":true,"href":"https:\/\/ffw-erlenbach-stadt.de\/index.php\/wp-json\/wp\/v2\/fahrzeug?post=21871"},{"taxonomy":"exteinsatzmittel","embeddable":true,"href":"https:\/\/ffw-erlenbach-stadt.de\/index.php\/wp-json\/wp\/v2\/exteinsatzmittel?post=21871"},{"taxonomy":"alarmierungsart","embeddable":true,"href":"https:\/\/ffw-erlenbach-stadt.de\/index.php\/wp-json\/wp\/v2\/alarmierungsart?post=21871"},{"taxonomy":"evw_unit","embeddable":true,"href":"https:\/\/ffw-erlenbach-stadt.de\/index.php\/wp-json\/wp\/v2\/evw_unit?post=21871"}],"curies":[{"name":"wp","href":"https:\/\/api.w.org\/{rel}","templated":true}]}}

THL1 &#8211; Türöffnung akut

<p><strong><em>Die Rettungskräfte wurde alarmiert, da eine Person nicht erreichbar war. Diese öffnete uns selbstständig die Türe, somit war kein Einsatz für die Feuerwehr notwendig.</em></strong></p>



<figure class="wp-block-image size-large is-style-default"><img fetchpriority="high" decoding="async" width="1024" height="768" src="https://ffw-erlenbach-stadt.de/wp-content/uploads/2024/07/IMG-20240618-WA0002-1024x768.jpg" alt="" class="wp-image-21872" srcset="https://ffw-erlenbach-stadt.de/wp-content/uploads/2024/07/IMG-20240618-WA0002-1024x768.jpg 1024w, https://ffw-erlenbach-stadt.de/wp-content/uploads/2024/07/IMG-20240618-WA0002-300x225.jpg 300w, https://ffw-erlenbach-stadt.de/wp-content/uploads/2024/07/IMG-20240618-WA0002-768x576.jpg 768w, https://ffw-erlenbach-stadt.de/wp-content/uploads/2024/07/IMG-20240618-WA0002-1536x1152.jpg 1536w, https://ffw-erlenbach-stadt.de/wp-content/uploads/2024/07/IMG-20240618-WA0002.jpg 1600w" sizes="(max-width: 1024px) 100vw, 1024px" /></figure>
