{"id":21393,"date":"2023-06-18T07:50:00","date_gmt":"2023-06-18T05:50:00","guid":{"rendered":"https:\/\/ffw-erlenbach-stadt.de\/?post_type=einsatz&#038;p=21393"},"modified":"2023-06-18T22:39:50","modified_gmt":"2023-06-18T20:39:50","slug":"thl1-verkehrsunfall-mit-2-pkw","status":"publish","type":"einsatz","link":"https:\/\/ffw-erlenbach-stadt.de\/index.php\/einsatzberichte\/thl1-verkehrsunfall-mit-2-pkw\/","title":{"rendered":"THL1 &#8211; Verkehrsunfall mit 2 PKW"},"content":{"rendered":"\n<p><strong><em>Wir wurden heute Morgen zu einem Verkehrsunfall mit zwei PKW auf die Miltenberger Str. alarmiert. Hier waren zwei Fahrzeuge frontal kollidiert. Die beiden PKW Insassen wurden bis zum Eintreffen des Rettungsdienstes von uns betreut. Au\u00dferdem beschr\u00e4nkten sich unsere Aufgaben auf das Absperren der Stra\u00dfe und Reinigungsarbeiten, nachdem Betriebsmittel ausgelaufen waren. Nach ca. 1,5 Std konnten wir die Stra\u00dfe wieder freigeben und r\u00fcckten ins Ger\u00e4tehaus ein.<\/em><\/strong><\/p>\n\n\n\nngg_shortcode_0_placeholder\n","protected":false},"author":4,"featured_media":0,"template":"","meta":{"ngg_post_thumbnail":0,"einsatz_weight":1,"footnotes":""},"categories":[39],"tags":[],"einsatzart":[56],"fahrzeug":[268,52,269],"exteinsatzmittel":[115,12,92],"alarmierungsart":[207],"evw_unit":[],"class_list":["post-21393","einsatz","type-einsatz","status-publish","hentry","category-einsaetze","einsatzart-vehrkehrsunfall","fahrzeug-elw","fahrzeug-hlf2016","fahrzeug-mlf","exteinsatzmittel-abschleppdienst","exteinsatzmittel-polizei","exteinsatzmittel-rettungsdienst","alarmierungsart-gruppen-alarm"],"_links":{"self":[{"href":"https:\/\/ffw-erlenbach-stadt.de\/index.php\/wp-json\/wp\/v2\/einsatz\/21393","targetHints":{"allow":["GET"]}}],"collection":[{"href":"https:\/\/ffw-erlenbach-stadt.de\/index.php\/wp-json\/wp\/v2\/einsatz"}],"about":[{"href":"https:\/\/ffw-erlenbach-stadt.de\/index.php\/wp-json\/wp\/v2\/types\/einsatz"}],"author":[{"embeddable":true,"href":"https:\/\/ffw-erlenbach-stadt.de\/index.php\/wp-json\/wp\/v2\/users\/4"}],"version-history":[{"count":1,"href":"https:\/\/ffw-erlenbach-stadt.de\/index.php\/wp-json\/wp\/v2\/einsatz\/21393\/revisions"}],"predecessor-version":[{"id":21399,"href":"https:\/\/ffw-erlenbach-stadt.de\/index.php\/wp-json\/wp\/v2\/einsatz\/21393\/revisions\/21399"}],"wp:attachment":[{"href":"https:\/\/ffw-erlenbach-stadt.de\/index.php\/wp-json\/wp\/v2\/media?parent=21393"}],"wp:term":[{"taxonomy":"category","embeddable":true,"href":"https:\/\/ffw-erlenbach-stadt.de\/index.php\/wp-json\/wp\/v2\/categories?post=21393"},{"taxonomy":"post_tag","embeddable":true,"href":"https:\/\/ffw-erlenbach-stadt.de\/index.php\/wp-json\/wp\/v2\/tags?post=21393"},{"taxonomy":"einsatzart","embeddable":true,"href":"https:\/\/ffw-erlenbach-stadt.de\/index.php\/wp-json\/wp\/v2\/einsatzart?post=21393"},{"taxonomy":"fahrzeug","embeddable":true,"href":"https:\/\/ffw-erlenbach-stadt.de\/index.php\/wp-json\/wp\/v2\/fahrzeug?post=21393"},{"taxonomy":"exteinsatzmittel","embeddable":true,"href":"https:\/\/ffw-erlenbach-stadt.de\/index.php\/wp-json\/wp\/v2\/exteinsatzmittel?post=21393"},{"taxonomy":"alarmierungsart","embeddable":true,"href":"https:\/\/ffw-erlenbach-stadt.de\/index.php\/wp-json\/wp\/v2\/alarmierungsart?post=21393"},{"taxonomy":"evw_unit","embeddable":true,"href":"https:\/\/ffw-erlenbach-stadt.de\/index.php\/wp-json\/wp\/v2\/evw_unit?post=21393"}],"curies":[{"name":"wp","href":"https:\/\/api.w.org\/{rel}","templated":true}]}}

<p><strong><em>Wir wurden heute Morgen zu einem Verkehrsunfall mit zwei PKW auf die Miltenberger Str. alarmiert. Hier waren zwei Fahrzeuge frontal kollidiert. Die beiden PKW Insassen wurden bis zum Eintreffen des Rettungsdienstes von uns betreut. Außerdem beschränkten sich unsere Aufgaben auf das Absperren der Straße und Reinigungsarbeiten, nachdem Betriebsmittel ausgelaufen waren. Nach ca. 1,5 Std konnten wir die Straße wieder freigeben und rückten ins Gerätehaus ein.</em></strong></p>



ngg_shortcode_0_placeholder
