{"id":21276,"date":"2023-05-14T12:53:00","date_gmt":"2023-05-14T10:53:00","guid":{"rendered":"https:\/\/ffw-erlenbach-stadt.de\/?post_type=einsatz&#038;p=21276"},"modified":"2023-05-15T13:37:35","modified_gmt":"2023-05-15T11:37:35","slug":"b4-brand-industriegebaeude-lagerhalle","status":"publish","type":"einsatz","link":"https:\/\/ffw-erlenbach-stadt.de\/index.php\/einsatzberichte\/b4-brand-industriegebaeude-lagerhalle\/","title":{"rendered":"B4 &#8211; Brand Industriegeb\u00e4ude\/Lagerhalle"},"content":{"rendered":"\n<p><\/p>\n\n\n\n<p><strong><em>Um 12:53 Uhr wurden wir zusammen mit zahlreichen weiteren Rettungskr\u00e4ften zum Industrie Center Obernburg alarmiert. In einem Produktionsgeb\u00e4ude entstand im Erdgeschoss ein Brand, der sich durch die L\u00fcftungssch\u00e4chte bis ins Dachgeschoss ausbreitete. Mehrere Atemschutztrupps der Werk- und Landkreisfeuerwehren l\u00f6schten den Brand, erkundeten die verschiedenen Stockwerke und \u00f6ffneten\/\u00fcberpr\u00fcften auf dem Dach die L\u00fcftungsrohre. Von der FF Erlenbach waren 4 Atemschutztrupps im Einsatz.<\/em><\/strong><\/p>\n\n\n\n<p><strong><em>Parallel wurde durch die Messleitkomponente Erlenbach, welche durch die FF W\u00f6rth unterst\u00fctzt wurde, mit Hilfe von Messtrupps die Umgebungsluft nach auf Schadstoffe kontrolliert. Somit wurden mehrere Messpunkte rund um das ICO in Erlenbach, Elsenfeld, W\u00f6rth und Obernburg angefahren und freigemessen.<\/em><\/strong><\/p>\n\n\n\n<p><strong><em>Insgesamt waren \u00fcber 140 Feuerwehrleute im Einsatz, zuz\u00fcglich Personal von Rettungsdienst, Polizei und THW.<\/em><\/strong><\/p>\n\n\n\nngg_shortcode_0_placeholder\n\n\n\n<p><\/p>\n","protected":false},"author":4,"featured_media":21282,"template":"","meta":{"ngg_post_thumbnail":0,"einsatz_weight":1,"footnotes":""},"categories":[39],"tags":[],"einsatzart":[10],"fahrzeug":[268,54,52,269,46,55],"exteinsatzmittel":[59,72,60,65,91,229,12,92,86],"alarmierungsart":[208],"evw_unit":[],"class_list":["post-21276","einsatz","type-einsatz","status-publish","has-post-thumbnail","hentry","category-einsaetze","einsatzart-brand","fahrzeug-elw","fahrzeug-gw-s","fahrzeug-hlf2016","fahrzeug-mlf","fahrzeug-mzf","fahrzeug-tlf-1625","exteinsatzmittel-feuerwehr-elsenfeld","exteinsatzmittel-ff-kleinheubach","exteinsatzmittel-feuerwehr-obernburg","exteinsatzmittel-ff-trennfurt","exteinsatzmittel-ff-woerth","exteinsatzmittel-kreisbrandinspektion","exteinsatzmittel-polizei","exteinsatzmittel-rettungsdienst","exteinsatzmittel-thw-obernburg","alarmierungsart-zug-alarm"],"_links":{"self":[{"href":"https:\/\/ffw-erlenbach-stadt.de\/index.php\/wp-json\/wp\/v2\/einsatz\/21276","targetHints":{"allow":["GET"]}}],"collection":[{"href":"https:\/\/ffw-erlenbach-stadt.de\/index.php\/wp-json\/wp\/v2\/einsatz"}],"about":[{"href":"https:\/\/ffw-erlenbach-stadt.de\/index.php\/wp-json\/wp\/v2\/types\/einsatz"}],"author":[{"embeddable":true,"href":"https:\/\/ffw-erlenbach-stadt.de\/index.php\/wp-json\/wp\/v2\/users\/4"}],"version-history":[{"count":1,"href":"https:\/\/ffw-erlenbach-stadt.de\/index.php\/wp-json\/wp\/v2\/einsatz\/21276\/revisions"}],"predecessor-version":[{"id":21283,"href":"https:\/\/ffw-erlenbach-stadt.de\/index.php\/wp-json\/wp\/v2\/einsatz\/21276\/revisions\/21283"}],"wp:featuredmedia":[{"embeddable":true,"href":"https:\/\/ffw-erlenbach-stadt.de\/index.php\/wp-json\/wp\/v2\/media\/21282"}],"wp:attachment":[{"href":"https:\/\/ffw-erlenbach-stadt.de\/index.php\/wp-json\/wp\/v2\/media?parent=21276"}],"wp:term":[{"taxonomy":"category","embeddable":true,"href":"https:\/\/ffw-erlenbach-stadt.de\/index.php\/wp-json\/wp\/v2\/categories?post=21276"},{"taxonomy":"post_tag","embeddable":true,"href":"https:\/\/ffw-erlenbach-stadt.de\/index.php\/wp-json\/wp\/v2\/tags?post=21276"},{"taxonomy":"einsatzart","embeddable":true,"href":"https:\/\/ffw-erlenbach-stadt.de\/index.php\/wp-json\/wp\/v2\/einsatzart?post=21276"},{"taxonomy":"fahrzeug","embeddable":true,"href":"https:\/\/ffw-erlenbach-stadt.de\/index.php\/wp-json\/wp\/v2\/fahrzeug?post=21276"},{"taxonomy":"exteinsatzmittel","embeddable":true,"href":"https:\/\/ffw-erlenbach-stadt.de\/index.php\/wp-json\/wp\/v2\/exteinsatzmittel?post=21276"},{"taxonomy":"alarmierungsart","embeddable":true,"href":"https:\/\/ffw-erlenbach-stadt.de\/index.php\/wp-json\/wp\/v2\/alarmierungsart?post=21276"},{"taxonomy":"evw_unit","embeddable":true,"href":"https:\/\/ffw-erlenbach-stadt.de\/index.php\/wp-json\/wp\/v2\/evw_unit?post=21276"}],"curies":[{"name":"wp","href":"https:\/\/api.w.org\/{rel}","templated":true}]}}

B4 &#8211; Brand Industriegebäude/Lagerhalle

<p></p>



<p><strong><em>Um 12:53 Uhr wurden wir zusammen mit zahlreichen weiteren Rettungskräften zum Industrie Center Obernburg alarmiert. In einem Produktionsgebäude entstand im Erdgeschoss ein Brand, der sich durch die Lüftungsschächte bis ins Dachgeschoss ausbreitete. Mehrere Atemschutztrupps der Werk- und Landkreisfeuerwehren löschten den Brand, erkundeten die verschiedenen Stockwerke und öffneten/überprüften auf dem Dach die Lüftungsrohre. Von der FF Erlenbach waren 4 Atemschutztrupps im Einsatz.</em></strong></p>



<p><strong><em>Parallel wurde durch die Messleitkomponente Erlenbach, welche durch die FF Wörth unterstützt wurde, mit Hilfe von Messtrupps die Umgebungsluft nach auf Schadstoffe kontrolliert. Somit wurden mehrere Messpunkte rund um das ICO in Erlenbach, Elsenfeld, Wörth und Obernburg angefahren und freigemessen.</em></strong></p>



<p><strong><em>Insgesamt waren über 140 Feuerwehrleute im Einsatz, zuzüglich Personal von Rettungsdienst, Polizei und THW.</em></strong></p>



ngg_shortcode_0_placeholder



<p></p>
