{"id":21241,"date":"2023-04-16T14:25:00","date_gmt":"2023-04-16T12:25:00","guid":{"rendered":"https:\/\/ffw-erlenbach-stadt.de\/?post_type=einsatz&#038;p=21241"},"modified":"2023-05-09T22:46:28","modified_gmt":"2023-05-09T20:46:28","slug":"b4-alarmstufenerhoehung","status":"publish","type":"einsatz","link":"https:\/\/ffw-erlenbach-stadt.de\/index.php\/einsatzberichte\/b4-alarmstufenerhoehung\/","title":{"rendered":"B4 &#8211; Alarmstufenerh\u00f6hung"},"content":{"rendered":"\n<p><strong><em>Aufgrund eines massiven Fassaden- bzw. in der Folge Dachstuhlbrandes wurden wir zur Unterst\u00fctzung der Kamerad:innen nach Elsenfeld alarmiert. Wir stellten 3 Atemschutztrupps und unterst\u00fctzten die Kameraden der UG-\u00d6EL. An mehreren Geb\u00e4uden entstand durch den Brandausbruch erheblicher Sachschaden. Die Brandursache war bei unserem Einsatzende noch nicht gekl\u00e4rt. Nach ca. 3,5 Std konnten wir wieder einr\u00fccken.<\/em><\/strong><\/p>\n\n\n\nngg_shortcode_0_placeholder\n","protected":false},"author":4,"featured_media":21273,"template":"","meta":{"ngg_post_thumbnail":0,"einsatz_weight":1,"footnotes":""},"categories":[39],"tags":[],"einsatzart":[10],"fahrzeug":[268,54,269,55],"exteinsatzmittel":[185,70,59,74,76,60,71,229,12,92,86],"alarmierungsart":[207],"evw_unit":[],"class_list":["post-21241","einsatz","type-einsatz","status-publish","has-post-thumbnail","hentry","category-einsaetze","einsatzart-brand","fahrzeug-elw","fahrzeug-gw-s","fahrzeug-mlf","fahrzeug-tlf-1625","exteinsatzmittel-elrd","exteinsatzmittel-ff-eichelsbach","exteinsatzmittel-feuerwehr-elsenfeld","exteinsatzmittel-ff-grosswallstadt","exteinsatzmittel-ff-niedernberg","exteinsatzmittel-feuerwehr-obernburg","exteinsatzmittel-ff-rueck-schippach","exteinsatzmittel-kreisbrandinspektion","exteinsatzmittel-polizei","exteinsatzmittel-rettungsdienst","exteinsatzmittel-thw-obernburg","alarmierungsart-gruppen-alarm"],"_links":{"self":[{"href":"https:\/\/ffw-erlenbach-stadt.de\/index.php\/wp-json\/wp\/v2\/einsatz\/21241","targetHints":{"allow":["GET"]}}],"collection":[{"href":"https:\/\/ffw-erlenbach-stadt.de\/index.php\/wp-json\/wp\/v2\/einsatz"}],"about":[{"href":"https:\/\/ffw-erlenbach-stadt.de\/index.php\/wp-json\/wp\/v2\/types\/einsatz"}],"author":[{"embeddable":true,"href":"https:\/\/ffw-erlenbach-stadt.de\/index.php\/wp-json\/wp\/v2\/users\/4"}],"version-history":[{"count":1,"href":"https:\/\/ffw-erlenbach-stadt.de\/index.php\/wp-json\/wp\/v2\/einsatz\/21241\/revisions"}],"predecessor-version":[{"id":21247,"href":"https:\/\/ffw-erlenbach-stadt.de\/index.php\/wp-json\/wp\/v2\/einsatz\/21241\/revisions\/21247"}],"wp:featuredmedia":[{"embeddable":true,"href":"https:\/\/ffw-erlenbach-stadt.de\/index.php\/wp-json\/wp\/v2\/media\/21273"}],"wp:attachment":[{"href":"https:\/\/ffw-erlenbach-stadt.de\/index.php\/wp-json\/wp\/v2\/media?parent=21241"}],"wp:term":[{"taxonomy":"category","embeddable":true,"href":"https:\/\/ffw-erlenbach-stadt.de\/index.php\/wp-json\/wp\/v2\/categories?post=21241"},{"taxonomy":"post_tag","embeddable":true,"href":"https:\/\/ffw-erlenbach-stadt.de\/index.php\/wp-json\/wp\/v2\/tags?post=21241"},{"taxonomy":"einsatzart","embeddable":true,"href":"https:\/\/ffw-erlenbach-stadt.de\/index.php\/wp-json\/wp\/v2\/einsatzart?post=21241"},{"taxonomy":"fahrzeug","embeddable":true,"href":"https:\/\/ffw-erlenbach-stadt.de\/index.php\/wp-json\/wp\/v2\/fahrzeug?post=21241"},{"taxonomy":"exteinsatzmittel","embeddable":true,"href":"https:\/\/ffw-erlenbach-stadt.de\/index.php\/wp-json\/wp\/v2\/exteinsatzmittel?post=21241"},{"taxonomy":"alarmierungsart","embeddable":true,"href":"https:\/\/ffw-erlenbach-stadt.de\/index.php\/wp-json\/wp\/v2\/alarmierungsart?post=21241"},{"taxonomy":"evw_unit","embeddable":true,"href":"https:\/\/ffw-erlenbach-stadt.de\/index.php\/wp-json\/wp\/v2\/evw_unit?post=21241"}],"curies":[{"name":"wp","href":"https:\/\/api.w.org\/{rel}","templated":true}]}}

B4 &#8211; Alarmstufenerhöhung

<p><strong><em>Aufgrund eines massiven Fassaden- bzw. in der Folge Dachstuhlbrandes wurden wir zur Unterstützung der Kamerad:innen nach Elsenfeld alarmiert. Wir stellten 3 Atemschutztrupps und unterstützten die Kameraden der UG-ÖEL. An mehreren Gebäuden entstand durch den Brandausbruch erheblicher Sachschaden. Die Brandursache war bei unserem Einsatzende noch nicht geklärt. Nach ca. 3,5 Std konnten wir wieder einrücken.</em></strong></p>



ngg_shortcode_0_placeholder
