{"id":21145,"date":"2023-03-04T23:03:00","date_gmt":"2023-03-04T22:03:00","guid":{"rendered":"https:\/\/ffw-erlenbach-stadt.de\/?post_type=einsatz&#038;p=21145"},"modified":"2023-03-07T00:19:10","modified_gmt":"2023-03-06T23:19:10","slug":"b3-brand-zimmer","status":"publish","type":"einsatz","link":"https:\/\/ffw-erlenbach-stadt.de\/index.php\/einsatzberichte\/b3-brand-zimmer\/","title":{"rendered":"B3 &#8211; Brand Zimmer"},"content":{"rendered":"\n<p><strong><em>In der Nacht von Samstag auf Sonntag wurde die Feuerwehr Erlenbach a. Main gemeinsam mit der Verbunddrehleiter des ICO sowie dem zust\u00e4ndigen Kreisbrandmeister MIL 3\/2 um 23:03 Uhr zu einem Zimmerbrand in die Siedlung alarmiert.<\/em><\/strong><\/p>\n\n\n\n<p><strong><em>Vor Ort stellte sich die Einsatzsituation als sehr dynamisch dar: aus der Haust\u00fcre drang dichter, schwarzer Rauch und es brannte im Eingangsbereich und Flur. Auch aus einem Raum auf der Geb\u00e4uder\u00fcckseite war dichter Rauch und Feuerschein erkennbar. Um das Feuer zun\u00e4chst einzud\u00e4mmen wurde ein Au\u00dfenangriff \u00fcber Haust\u00fcre und Fenster vorgenommen, bevor ein Atemschutztrupp das Geb\u00e4ude betreten konnte.<\/em><\/strong><\/p>\n\n\n\n<p><strong><em>Gl\u00fccklicherweise war zu diesem Zeitpunkt bereits bekannt, dass der im Haus alleinlebende Mann das Haus verlassen hatte, jedoch mit dem Verdacht auf eine Rauchgasvergiftung durch den Rettungsdienst behandelt und in das Krankenhaus Erlenbach gebracht werden musste.<\/em><\/strong><\/p>\n\n\n\n<p><strong><em>Durch einen gezielten Innenangriff, zeitweise durch mehrere Atemschutztrupps gleichzeitig, konnte das \u00dcbergreifen des Feuers auf benachbarte Geb\u00e4ude verhindert werden. Die Nachl\u00f6scharbeiten gestalteten sich sehr langwierig, da die gro\u00dfe Brandlast in den betroffenen R\u00e4umen unter Atemschutz m\u00fchsam von Hand ausger\u00e4umt und abgel\u00f6scht werden musste.<\/em><\/strong><\/p>\n\n\n\n<p><strong><em>Um ausreichend Atemschutzger\u00e4tetr\u00e4ger vor Ort zu haben wurden zun\u00e4chst die Stadtteile Mechenhard und Streit unmittelbar durch den Einsatzleiter nachalarmiert. Nachdem klar wurde, dass sich der Einsatz und die Nachl\u00f6scharbeiten sehr langwierig gestalten werden, wurden zus\u00e4tzlich die Feuerwehren Elsenfeld und Obernburg mit Atemschutzger\u00e4tetr\u00e4gern alarmiert.<\/em><\/strong><\/p>\n\n\n\n<p><strong><em>Gegen 3 Uhr konnten die meisten Einsatzkr\u00e4fte die Brandstelle verlassen, eine Brandwache blieb zur Kontrolle bis 05:35 Uhr vor Ort.<\/em><\/strong><\/p>\n\n\n\n<p><strong><em>Das Geb\u00e4ude ist aufgrund der massiven Brand- und Rauchsch\u00e4den derzeit nicht mehr bewohnbar.<\/em><\/strong><\/p>\n\n\n\nngg_shortcode_0_placeholder\n","protected":false},"author":4,"featured_media":0,"template":"","meta":{"ngg_post_thumbnail":0,"einsatz_weight":1,"footnotes":""},"categories":[39],"tags":[],"einsatzart":[10],"fahrzeug":[268,54,52,46,55],"exteinsatzmittel":[101,59,61,60,62,229,12,92],"alarmierungsart":[208],"evw_unit":[],"class_list":["post-21145","einsatz","type-einsatz","status-publish","hentry","category-einsaetze","einsatzart-brand","fahrzeug-elw","fahrzeug-gw-s","fahrzeug-hlf2016","fahrzeug-mzf","fahrzeug-tlf-1625","exteinsatzmittel-buergermeister","exteinsatzmittel-feuerwehr-elsenfeld","exteinsatzmittel-feuerwehr-mechenhard","exteinsatzmittel-feuerwehr-obernburg","exteinsatzmittel-ff-streit","exteinsatzmittel-kreisbrandinspektion","exteinsatzmittel-polizei","exteinsatzmittel-rettungsdienst","alarmierungsart-zug-alarm"],"_links":{"self":[{"href":"https:\/\/ffw-erlenbach-stadt.de\/index.php\/wp-json\/wp\/v2\/einsatz\/21145","targetHints":{"allow":["GET"]}}],"collection":[{"href":"https:\/\/ffw-erlenbach-stadt.de\/index.php\/wp-json\/wp\/v2\/einsatz"}],"about":[{"href":"https:\/\/ffw-erlenbach-stadt.de\/index.php\/wp-json\/wp\/v2\/types\/einsatz"}],"author":[{"embeddable":true,"href":"https:\/\/ffw-erlenbach-stadt.de\/index.php\/wp-json\/wp\/v2\/users\/4"}],"version-history":[{"count":1,"href":"https:\/\/ffw-erlenbach-stadt.de\/index.php\/wp-json\/wp\/v2\/einsatz\/21145\/revisions"}],"predecessor-version":[{"id":21151,"href":"https:\/\/ffw-erlenbach-stadt.de\/index.php\/wp-json\/wp\/v2\/einsatz\/21145\/revisions\/21151"}],"wp:attachment":[{"href":"https:\/\/ffw-erlenbach-stadt.de\/index.php\/wp-json\/wp\/v2\/media?parent=21145"}],"wp:term":[{"taxonomy":"category","embeddable":true,"href":"https:\/\/ffw-erlenbach-stadt.de\/index.php\/wp-json\/wp\/v2\/categories?post=21145"},{"taxonomy":"post_tag","embeddable":true,"href":"https:\/\/ffw-erlenbach-stadt.de\/index.php\/wp-json\/wp\/v2\/tags?post=21145"},{"taxonomy":"einsatzart","embeddable":true,"href":"https:\/\/ffw-erlenbach-stadt.de\/index.php\/wp-json\/wp\/v2\/einsatzart?post=21145"},{"taxonomy":"fahrzeug","embeddable":true,"href":"https:\/\/ffw-erlenbach-stadt.de\/index.php\/wp-json\/wp\/v2\/fahrzeug?post=21145"},{"taxonomy":"exteinsatzmittel","embeddable":true,"href":"https:\/\/ffw-erlenbach-stadt.de\/index.php\/wp-json\/wp\/v2\/exteinsatzmittel?post=21145"},{"taxonomy":"alarmierungsart","embeddable":true,"href":"https:\/\/ffw-erlenbach-stadt.de\/index.php\/wp-json\/wp\/v2\/alarmierungsart?post=21145"},{"taxonomy":"evw_unit","embeddable":true,"href":"https:\/\/ffw-erlenbach-stadt.de\/index.php\/wp-json\/wp\/v2\/evw_unit?post=21145"}],"curies":[{"name":"wp","href":"https:\/\/api.w.org\/{rel}","templated":true}]}}

<p><strong><em>In der Nacht von Samstag auf Sonntag wurde die Feuerwehr Erlenbach a. Main gemeinsam mit der Verbunddrehleiter des ICO sowie dem zuständigen Kreisbrandmeister MIL 3/2 um 23:03 Uhr zu einem Zimmerbrand in die Siedlung alarmiert.</em></strong></p>



<p><strong><em>Vor Ort stellte sich die Einsatzsituation als sehr dynamisch dar: aus der Haustüre drang dichter, schwarzer Rauch und es brannte im Eingangsbereich und Flur. Auch aus einem Raum auf der Gebäuderückseite war dichter Rauch und Feuerschein erkennbar. Um das Feuer zunächst einzudämmen wurde ein Außenangriff über Haustüre und Fenster vorgenommen, bevor ein Atemschutztrupp das Gebäude betreten konnte.</em></strong></p>



<p><strong><em>Glücklicherweise war zu diesem Zeitpunkt bereits bekannt, dass der im Haus alleinlebende Mann das Haus verlassen hatte, jedoch mit dem Verdacht auf eine Rauchgasvergiftung durch den Rettungsdienst behandelt und in das Krankenhaus Erlenbach gebracht werden musste.</em></strong></p>



<p><strong><em>Durch einen gezielten Innenangriff, zeitweise durch mehrere Atemschutztrupps gleichzeitig, konnte das Übergreifen des Feuers auf benachbarte Gebäude verhindert werden. Die Nachlöscharbeiten gestalteten sich sehr langwierig, da die große Brandlast in den betroffenen Räumen unter Atemschutz mühsam von Hand ausgeräumt und abgelöscht werden musste.</em></strong></p>



<p><strong><em>Um ausreichend Atemschutzgeräteträger vor Ort zu haben wurden zunächst die Stadtteile Mechenhard und Streit unmittelbar durch den Einsatzleiter nachalarmiert. Nachdem klar wurde, dass sich der Einsatz und die Nachlöscharbeiten sehr langwierig gestalten werden, wurden zusätzlich die Feuerwehren Elsenfeld und Obernburg mit Atemschutzgeräteträgern alarmiert.</em></strong></p>



<p><strong><em>Gegen 3 Uhr konnten die meisten Einsatzkräfte die Brandstelle verlassen, eine Brandwache blieb zur Kontrolle bis 05:35 Uhr vor Ort.</em></strong></p>



<p><strong><em>Das Gebäude ist aufgrund der massiven Brand- und Rauchschäden derzeit nicht mehr bewohnbar.</em></strong></p>



ngg_shortcode_0_placeholder
