{"id":20731,"date":"2022-08-07T15:13:00","date_gmt":"2022-08-07T13:13:00","guid":{"rendered":"https:\/\/ffw-erlenbach-stadt.de\/?post_type=einsatz&#038;p=20731"},"modified":"2022-08-21T13:43:47","modified_gmt":"2022-08-21T11:43:47","slug":"b3-brandgeruch","status":"publish","type":"einsatz","link":"https:\/\/ffw-erlenbach-stadt.de\/index.php\/einsatzberichte\/b3-brandgeruch\/","title":{"rendered":"B3 &#8211; Brandgeruch"},"content":{"rendered":"\n<p><strong><em>Nachdem die Bewohnerin eines Hauses Brandgeruch aus dem Keller wahrnahm, alarmierte sie die Feuerwehr. Vermutlich aufgrund eines Technischen Defektes, kam es zu einem Kabelbrand auf und hinter der Holzvert\u00e4felung, was zu einer enormen Verrauchung f\u00fchrte. Wir kontrollierten unter Atemschutz die Temperaturen und l\u00f6schten Glutnester ab. Im Anschluss wurde der Keller und die Wohnung mittels Hochleistungsl\u00fcfter rauchfrei gemacht und bel\u00fcftet.<\/em><\/strong><\/p>\n\n\n\nngg_shortcode_0_placeholder\n","protected":false},"author":4,"featured_media":0,"template":"","meta":{"ngg_post_thumbnail":0,"einsatz_weight":1,"footnotes":""},"categories":[39],"tags":[],"einsatzart":[10],"fahrzeug":[268,52,269,55,63],"exteinsatzmittel":[229,12,92],"alarmierungsart":[208],"evw_unit":[],"class_list":["post-20731","einsatz","type-einsatz","status-publish","hentry","category-einsaetze","einsatzart-brand","fahrzeug-elw","fahrzeug-hlf2016","fahrzeug-mlf","fahrzeug-tlf-1625","fahrzeug-dlk-2312","exteinsatzmittel-kreisbrandinspektion","exteinsatzmittel-polizei","exteinsatzmittel-rettungsdienst","alarmierungsart-zug-alarm"],"_links":{"self":[{"href":"https:\/\/ffw-erlenbach-stadt.de\/index.php\/wp-json\/wp\/v2\/einsatz\/20731","targetHints":{"allow":["GET"]}}],"collection":[{"href":"https:\/\/ffw-erlenbach-stadt.de\/index.php\/wp-json\/wp\/v2\/einsatz"}],"about":[{"href":"https:\/\/ffw-erlenbach-stadt.de\/index.php\/wp-json\/wp\/v2\/types\/einsatz"}],"author":[{"embeddable":true,"href":"https:\/\/ffw-erlenbach-stadt.de\/index.php\/wp-json\/wp\/v2\/users\/4"}],"version-history":[{"count":1,"href":"https:\/\/ffw-erlenbach-stadt.de\/index.php\/wp-json\/wp\/v2\/einsatz\/20731\/revisions"}],"predecessor-version":[{"id":20735,"href":"https:\/\/ffw-erlenbach-stadt.de\/index.php\/wp-json\/wp\/v2\/einsatz\/20731\/revisions\/20735"}],"wp:attachment":[{"href":"https:\/\/ffw-erlenbach-stadt.de\/index.php\/wp-json\/wp\/v2\/media?parent=20731"}],"wp:term":[{"taxonomy":"category","embeddable":true,"href":"https:\/\/ffw-erlenbach-stadt.de\/index.php\/wp-json\/wp\/v2\/categories?post=20731"},{"taxonomy":"post_tag","embeddable":true,"href":"https:\/\/ffw-erlenbach-stadt.de\/index.php\/wp-json\/wp\/v2\/tags?post=20731"},{"taxonomy":"einsatzart","embeddable":true,"href":"https:\/\/ffw-erlenbach-stadt.de\/index.php\/wp-json\/wp\/v2\/einsatzart?post=20731"},{"taxonomy":"fahrzeug","embeddable":true,"href":"https:\/\/ffw-erlenbach-stadt.de\/index.php\/wp-json\/wp\/v2\/fahrzeug?post=20731"},{"taxonomy":"exteinsatzmittel","embeddable":true,"href":"https:\/\/ffw-erlenbach-stadt.de\/index.php\/wp-json\/wp\/v2\/exteinsatzmittel?post=20731"},{"taxonomy":"alarmierungsart","embeddable":true,"href":"https:\/\/ffw-erlenbach-stadt.de\/index.php\/wp-json\/wp\/v2\/alarmierungsart?post=20731"},{"taxonomy":"evw_unit","embeddable":true,"href":"https:\/\/ffw-erlenbach-stadt.de\/index.php\/wp-json\/wp\/v2\/evw_unit?post=20731"}],"curies":[{"name":"wp","href":"https:\/\/api.w.org\/{rel}","templated":true}]}}

<p><strong><em>Nachdem die Bewohnerin eines Hauses Brandgeruch aus dem Keller wahrnahm, alarmierte sie die Feuerwehr. Vermutlich aufgrund eines Technischen Defektes, kam es zu einem Kabelbrand auf und hinter der Holzvertäfelung, was zu einer enormen Verrauchung führte. Wir kontrollierten unter Atemschutz die Temperaturen und löschten Glutnester ab. Im Anschluss wurde der Keller und die Wohnung mittels Hochleistungslüfter rauchfrei gemacht und belüftet.</em></strong></p>



ngg_shortcode_0_placeholder
