{"id":19983,"date":"2021-07-20T03:00:00","date_gmt":"2021-07-20T01:00:00","guid":{"rendered":"https:\/\/ffw-erlenbach-stadt.de\/?post_type=einsatz&#038;p=19983"},"modified":"2021-07-20T08:51:25","modified_gmt":"2021-07-20T06:51:25","slug":"katastrophen-hilfskontingent-einsatz-2","status":"publish","type":"einsatz","link":"https:\/\/ffw-erlenbach-stadt.de\/index.php\/einsatzberichte\/katastrophen-hilfskontingent-einsatz-2\/","title":{"rendered":"Katastrophen \u2013 Hilfskontingent \u2013 Einsatz"},"content":{"rendered":"\n<p><strong><em>Die Feuerwehr Erlenbach ist mit zahlreichen anderen Landkreisfeuerwehren mit dem Hilfeleistungskontingent Miltenberg in Richtung Rheinland-Pfalz unterwegs. Um 3 Uhr heute Nacht war Treffpunkt in Gro\u00dfheubach zur Abfahrt. Ein DANKESCH\u00d6N an alle Arbeitgeber, die wieder ihre Mitarbeiter f\u00fcr diesen mehrt\u00e4gigen Einsatz freigestellt haben und auch ein DANKESCH\u00d6N an die <a href=\"https:\/\/www.facebook.com\/Metzgerei-Sch%C3%BC%C3%9Fler-Partyservice-1831614600486477\/?__cft__[0]=AZUdetaULMV6dfWD-bLxY_Cgx1t-0Cu9mj1U-dMhNb0zb9MDB5oDWS_9lcSfcLaxVbpqSxT4XtU9j-fwX_V42itO5UCE6qmCMooleOJoZ4oT1FIXLMCg31zVaKJB9vEd23sODq5yjkfsrQY9kiBhtfb08KEGCWNPVLybkxo_eG_3hFxBfmTmo8DfEJwvEm-ks-8&amp;__tn__=kK-R\">Metzgerei Sch\u00fc\u00dfler &amp; Partyservice<\/a>, welche uns u. a. mit einem Vesper versorgt hat!<\/em><\/strong><\/p>\n\n\n\nngg_shortcode_0_placeholder\n","protected":false},"author":4,"featured_media":0,"template":"","meta":{"ngg_post_thumbnail":0,"einsatz_weight":1,"footnotes":""},"categories":[39],"tags":[],"einsatzart":[277],"fahrzeug":[268,53],"exteinsatzmittel":[],"alarmierungsart":[],"evw_unit":[],"class_list":["post-19983","einsatz","type-einsatz","status-publish","hentry","category-einsaetze","einsatzart-kontingent-einsatz","fahrzeug-elw","fahrzeug-lf8"],"_links":{"self":[{"href":"https:\/\/ffw-erlenbach-stadt.de\/index.php\/wp-json\/wp\/v2\/einsatz\/19983","targetHints":{"allow":["GET"]}}],"collection":[{"href":"https:\/\/ffw-erlenbach-stadt.de\/index.php\/wp-json\/wp\/v2\/einsatz"}],"about":[{"href":"https:\/\/ffw-erlenbach-stadt.de\/index.php\/wp-json\/wp\/v2\/types\/einsatz"}],"author":[{"embeddable":true,"href":"https:\/\/ffw-erlenbach-stadt.de\/index.php\/wp-json\/wp\/v2\/users\/4"}],"version-history":[{"count":1,"href":"https:\/\/ffw-erlenbach-stadt.de\/index.php\/wp-json\/wp\/v2\/einsatz\/19983\/revisions"}],"predecessor-version":[{"id":19987,"href":"https:\/\/ffw-erlenbach-stadt.de\/index.php\/wp-json\/wp\/v2\/einsatz\/19983\/revisions\/19987"}],"wp:attachment":[{"href":"https:\/\/ffw-erlenbach-stadt.de\/index.php\/wp-json\/wp\/v2\/media?parent=19983"}],"wp:term":[{"taxonomy":"category","embeddable":true,"href":"https:\/\/ffw-erlenbach-stadt.de\/index.php\/wp-json\/wp\/v2\/categories?post=19983"},{"taxonomy":"post_tag","embeddable":true,"href":"https:\/\/ffw-erlenbach-stadt.de\/index.php\/wp-json\/wp\/v2\/tags?post=19983"},{"taxonomy":"einsatzart","embeddable":true,"href":"https:\/\/ffw-erlenbach-stadt.de\/index.php\/wp-json\/wp\/v2\/einsatzart?post=19983"},{"taxonomy":"fahrzeug","embeddable":true,"href":"https:\/\/ffw-erlenbach-stadt.de\/index.php\/wp-json\/wp\/v2\/fahrzeug?post=19983"},{"taxonomy":"exteinsatzmittel","embeddable":true,"href":"https:\/\/ffw-erlenbach-stadt.de\/index.php\/wp-json\/wp\/v2\/exteinsatzmittel?post=19983"},{"taxonomy":"alarmierungsart","embeddable":true,"href":"https:\/\/ffw-erlenbach-stadt.de\/index.php\/wp-json\/wp\/v2\/alarmierungsart?post=19983"},{"taxonomy":"evw_unit","embeddable":true,"href":"https:\/\/ffw-erlenbach-stadt.de\/index.php\/wp-json\/wp\/v2\/evw_unit?post=19983"}],"curies":[{"name":"wp","href":"https:\/\/api.w.org\/{rel}","templated":true}]}}

<p><strong><em>Die Feuerwehr Erlenbach ist mit zahlreichen anderen Landkreisfeuerwehren mit dem Hilfeleistungskontingent Miltenberg in Richtung Rheinland-Pfalz unterwegs. Um 3 Uhr heute Nacht war Treffpunkt in Großheubach zur Abfahrt. Ein DANKESCHÖN an alle Arbeitgeber, die wieder ihre Mitarbeiter für diesen mehrtägigen Einsatz freigestellt haben und auch ein DANKESCHÖN an die <a href="https://www.facebook.com/Metzgerei-Sch%C3%BC%C3%9Fler-Partyservice-1831614600486477/?__cft__[0]=AZUdetaULMV6dfWD-bLxY_Cgx1t-0Cu9mj1U-dMhNb0zb9MDB5oDWS_9lcSfcLaxVbpqSxT4XtU9j-fwX_V42itO5UCE6qmCMooleOJoZ4oT1FIXLMCg31zVaKJB9vEd23sODq5yjkfsrQY9kiBhtfb08KEGCWNPVLybkxo_eG_3hFxBfmTmo8DfEJwvEm-ks-8&amp;__tn__=kK-R">Metzgerei Schüßler &amp; Partyservice</a>, welche uns u. a. mit einem Vesper versorgt hat!</em></strong></p>



ngg_shortcode_0_placeholder
