{"id":19006,"date":"2020-02-26T14:04:00","date_gmt":"2020-02-26T13:04:00","guid":{"rendered":"http:\/\/ffw-erlenbach-stadt.de\/?post_type=einsatz&#038;p=19006"},"modified":"2020-02-27T09:54:23","modified_gmt":"2020-02-27T08:54:23","slug":"thl-baum-ueber-strasse-7","status":"publish","type":"einsatz","link":"https:\/\/ffw-erlenbach-stadt.de\/index.php\/einsatzberichte\/thl-baum-ueber-strasse-7\/","title":{"rendered":"THL &#8211; Baum \u00fcber Stra\u00dfe"},"content":{"rendered":"\n<p><em><strong>Ein Baum von ca. 20 cm Durchmesser entwurzelte und fiel quer \u00fcber die Zufahrtsstra\u00dfe zum Waldfriedhof. Dieser wurde mittels Motors\u00e4ge kleinges\u00e4gt und auf die Seite gelegt.<\/strong><\/em><\/p>\n","protected":false},"author":4,"featured_media":0,"template":"","meta":{"ngg_post_thumbnail":0,"einsatz_weight":1,"footnotes":""},"categories":[39],"tags":[],"einsatzart":[121],"fahrzeug":[54,52],"exteinsatzmittel":[12],"alarmierungsart":[],"evw_unit":[],"class_list":["post-19006","einsatz","type-einsatz","status-publish","hentry","category-einsaetze","einsatzart-thl-sonstiges","fahrzeug-gw-s","fahrzeug-hlf2016","exteinsatzmittel-polizei"],"_links":{"self":[{"href":"https:\/\/ffw-erlenbach-stadt.de\/index.php\/wp-json\/wp\/v2\/einsatz\/19006","targetHints":{"allow":["GET"]}}],"collection":[{"href":"https:\/\/ffw-erlenbach-stadt.de\/index.php\/wp-json\/wp\/v2\/einsatz"}],"about":[{"href":"https:\/\/ffw-erlenbach-stadt.de\/index.php\/wp-json\/wp\/v2\/types\/einsatz"}],"author":[{"embeddable":true,"href":"https:\/\/ffw-erlenbach-stadt.de\/index.php\/wp-json\/wp\/v2\/users\/4"}],"version-history":[{"count":1,"href":"https:\/\/ffw-erlenbach-stadt.de\/index.php\/wp-json\/wp\/v2\/einsatz\/19006\/revisions"}],"predecessor-version":[{"id":19007,"href":"https:\/\/ffw-erlenbach-stadt.de\/index.php\/wp-json\/wp\/v2\/einsatz\/19006\/revisions\/19007"}],"wp:attachment":[{"href":"https:\/\/ffw-erlenbach-stadt.de\/index.php\/wp-json\/wp\/v2\/media?parent=19006"}],"wp:term":[{"taxonomy":"category","embeddable":true,"href":"https:\/\/ffw-erlenbach-stadt.de\/index.php\/wp-json\/wp\/v2\/categories?post=19006"},{"taxonomy":"post_tag","embeddable":true,"href":"https:\/\/ffw-erlenbach-stadt.de\/index.php\/wp-json\/wp\/v2\/tags?post=19006"},{"taxonomy":"einsatzart","embeddable":true,"href":"https:\/\/ffw-erlenbach-stadt.de\/index.php\/wp-json\/wp\/v2\/einsatzart?post=19006"},{"taxonomy":"fahrzeug","embeddable":true,"href":"https:\/\/ffw-erlenbach-stadt.de\/index.php\/wp-json\/wp\/v2\/fahrzeug?post=19006"},{"taxonomy":"exteinsatzmittel","embeddable":true,"href":"https:\/\/ffw-erlenbach-stadt.de\/index.php\/wp-json\/wp\/v2\/exteinsatzmittel?post=19006"},{"taxonomy":"alarmierungsart","embeddable":true,"href":"https:\/\/ffw-erlenbach-stadt.de\/index.php\/wp-json\/wp\/v2\/alarmierungsart?post=19006"},{"taxonomy":"evw_unit","embeddable":true,"href":"https:\/\/ffw-erlenbach-stadt.de\/index.php\/wp-json\/wp\/v2\/evw_unit?post=19006"}],"curies":[{"name":"wp","href":"https:\/\/api.w.org\/{rel}","templated":true}]}}

THL &#8211; Baum über Straße

<p><em><strong>Ein Baum von ca. 20 cm Durchmesser entwurzelte und fiel quer über die Zufahrtsstraße zum Waldfriedhof. Dieser wurde mittels Motorsäge kleingesägt und auf die Seite gelegt.</strong></em></p>
