{"id":17233,"date":"2018-10-21T15:39:00","date_gmt":"2018-10-21T13:39:00","guid":{"rendered":"http:\/\/ffw-erlenbach-stadt.de\/?post_type=einsatz&#038;p=17233"},"modified":"2018-10-21T17:51:45","modified_gmt":"2018-10-21T15:51:45","slug":"brandeinsatz-flaechenbrand-7","status":"publish","type":"einsatz","link":"https:\/\/ffw-erlenbach-stadt.de\/index.php\/einsatzberichte\/brandeinsatz-flaechenbrand-7\/","title":{"rendered":"Brandeinsatz &#8211; Fl\u00e4chenbrand"},"content":{"rendered":"<p><em>Kurz vor 15:45 Uhr wurde die Feuerwehr Erlenbach zu einem Fl\u00e4chenbrand in die Altdorfstrasse alarmiert. In einer Gartenanlage n\u00e4he des Mains ist ein Fl\u00e4chenbrand von ca. 80 m2 entstanden. Mittels 3 C-Rohren wurde das Feuer von 3 Seiten aus abgel\u00f6scht.&nbsp;&nbsp;<\/em><\/p>\n<p>&nbsp;<\/p>\nngg_shortcode_0_placeholder\n","protected":false},"author":4,"featured_media":0,"template":"","meta":{"ngg_post_thumbnail":0,"einsatz_weight":1,"footnotes":""},"categories":[39],"tags":[],"einsatzart":[10],"fahrzeug":[52,46,55],"exteinsatzmittel":[],"alarmierungsart":[207],"evw_unit":[],"class_list":["post-17233","einsatz","type-einsatz","status-publish","hentry","category-einsaetze","einsatzart-brand","fahrzeug-hlf2016","fahrzeug-mzf","fahrzeug-tlf-1625","alarmierungsart-gruppen-alarm"],"_links":{"self":[{"href":"https:\/\/ffw-erlenbach-stadt.de\/index.php\/wp-json\/wp\/v2\/einsatz\/17233","targetHints":{"allow":["GET"]}}],"collection":[{"href":"https:\/\/ffw-erlenbach-stadt.de\/index.php\/wp-json\/wp\/v2\/einsatz"}],"about":[{"href":"https:\/\/ffw-erlenbach-stadt.de\/index.php\/wp-json\/wp\/v2\/types\/einsatz"}],"author":[{"embeddable":true,"href":"https:\/\/ffw-erlenbach-stadt.de\/index.php\/wp-json\/wp\/v2\/users\/4"}],"version-history":[{"count":1,"href":"https:\/\/ffw-erlenbach-stadt.de\/index.php\/wp-json\/wp\/v2\/einsatz\/17233\/revisions"}],"predecessor-version":[{"id":17261,"href":"https:\/\/ffw-erlenbach-stadt.de\/index.php\/wp-json\/wp\/v2\/einsatz\/17233\/revisions\/17261"}],"wp:attachment":[{"href":"https:\/\/ffw-erlenbach-stadt.de\/index.php\/wp-json\/wp\/v2\/media?parent=17233"}],"wp:term":[{"taxonomy":"category","embeddable":true,"href":"https:\/\/ffw-erlenbach-stadt.de\/index.php\/wp-json\/wp\/v2\/categories?post=17233"},{"taxonomy":"post_tag","embeddable":true,"href":"https:\/\/ffw-erlenbach-stadt.de\/index.php\/wp-json\/wp\/v2\/tags?post=17233"},{"taxonomy":"einsatzart","embeddable":true,"href":"https:\/\/ffw-erlenbach-stadt.de\/index.php\/wp-json\/wp\/v2\/einsatzart?post=17233"},{"taxonomy":"fahrzeug","embeddable":true,"href":"https:\/\/ffw-erlenbach-stadt.de\/index.php\/wp-json\/wp\/v2\/fahrzeug?post=17233"},{"taxonomy":"exteinsatzmittel","embeddable":true,"href":"https:\/\/ffw-erlenbach-stadt.de\/index.php\/wp-json\/wp\/v2\/exteinsatzmittel?post=17233"},{"taxonomy":"alarmierungsart","embeddable":true,"href":"https:\/\/ffw-erlenbach-stadt.de\/index.php\/wp-json\/wp\/v2\/alarmierungsart?post=17233"},{"taxonomy":"evw_unit","embeddable":true,"href":"https:\/\/ffw-erlenbach-stadt.de\/index.php\/wp-json\/wp\/v2\/evw_unit?post=17233"}],"curies":[{"name":"wp","href":"https:\/\/api.w.org\/{rel}","templated":true}]}}

Brandeinsatz &#8211; Flächenbrand

<p><em>Kurz vor 15:45 Uhr wurde die Feuerwehr Erlenbach zu einem Flächenbrand in die Altdorfstrasse alarmiert. In einer Gartenanlage nähe des Mains ist ein Flächenbrand von ca. 80 m2 entstanden. Mittels 3 C-Rohren wurde das Feuer von 3 Seiten aus abgelöscht.&nbsp;&nbsp;</em></p>
<p>&nbsp;</p>
ngg_shortcode_0_placeholder
