{"id":17161,"date":"2018-09-20T19:15:00","date_gmt":"2018-09-20T17:15:00","guid":{"rendered":"http:\/\/ffw-erlenbach-stadt.de\/?post_type=einsatz&#038;p=17161"},"modified":"2018-10-09T14:52:37","modified_gmt":"2018-10-09T12:52:37","slug":"brandeinsatz-flaechenbrand-6","status":"publish","type":"einsatz","link":"https:\/\/ffw-erlenbach-stadt.de\/index.php\/einsatzberichte\/brandeinsatz-flaechenbrand-6\/","title":{"rendered":"Brandeinsatz &#8211; Fl\u00e4chenbrand"},"content":{"rendered":"<p><em>Ein Fl\u00e4chenbrand &#8222;Am Mainbogen&#8220; musste durch die Feuerwehr abgel\u00f6scht werden. Mit einem C-Rohr \u00fcber eine lange Schlauchleitung wurde das Feuer abgel\u00f6scht und mittels W\u00e4rmebildkamera auf Glutnester kontrolliert. Nach knapp 45 Minuten konnte die Feuerwehr wieder abr\u00fccken.&nbsp;<\/em><\/p>\n<p>&nbsp;<\/p>\nngg_shortcode_0_placeholder\n","protected":false},"author":4,"featured_media":0,"template":"","meta":{"ngg_post_thumbnail":0,"einsatz_weight":1,"footnotes":""},"categories":[39],"tags":[],"einsatzart":[10],"fahrzeug":[52,46,55],"exteinsatzmittel":[101,12],"alarmierungsart":[207],"evw_unit":[],"class_list":["post-17161","einsatz","type-einsatz","status-publish","hentry","category-einsaetze","einsatzart-brand","fahrzeug-hlf2016","fahrzeug-mzf","fahrzeug-tlf-1625","exteinsatzmittel-buergermeister","exteinsatzmittel-polizei","alarmierungsart-gruppen-alarm"],"_links":{"self":[{"href":"https:\/\/ffw-erlenbach-stadt.de\/index.php\/wp-json\/wp\/v2\/einsatz\/17161","targetHints":{"allow":["GET"]}}],"collection":[{"href":"https:\/\/ffw-erlenbach-stadt.de\/index.php\/wp-json\/wp\/v2\/einsatz"}],"about":[{"href":"https:\/\/ffw-erlenbach-stadt.de\/index.php\/wp-json\/wp\/v2\/types\/einsatz"}],"author":[{"embeddable":true,"href":"https:\/\/ffw-erlenbach-stadt.de\/index.php\/wp-json\/wp\/v2\/users\/4"}],"version-history":[{"count":2,"href":"https:\/\/ffw-erlenbach-stadt.de\/index.php\/wp-json\/wp\/v2\/einsatz\/17161\/revisions"}],"predecessor-version":[{"id":17213,"href":"https:\/\/ffw-erlenbach-stadt.de\/index.php\/wp-json\/wp\/v2\/einsatz\/17161\/revisions\/17213"}],"wp:attachment":[{"href":"https:\/\/ffw-erlenbach-stadt.de\/index.php\/wp-json\/wp\/v2\/media?parent=17161"}],"wp:term":[{"taxonomy":"category","embeddable":true,"href":"https:\/\/ffw-erlenbach-stadt.de\/index.php\/wp-json\/wp\/v2\/categories?post=17161"},{"taxonomy":"post_tag","embeddable":true,"href":"https:\/\/ffw-erlenbach-stadt.de\/index.php\/wp-json\/wp\/v2\/tags?post=17161"},{"taxonomy":"einsatzart","embeddable":true,"href":"https:\/\/ffw-erlenbach-stadt.de\/index.php\/wp-json\/wp\/v2\/einsatzart?post=17161"},{"taxonomy":"fahrzeug","embeddable":true,"href":"https:\/\/ffw-erlenbach-stadt.de\/index.php\/wp-json\/wp\/v2\/fahrzeug?post=17161"},{"taxonomy":"exteinsatzmittel","embeddable":true,"href":"https:\/\/ffw-erlenbach-stadt.de\/index.php\/wp-json\/wp\/v2\/exteinsatzmittel?post=17161"},{"taxonomy":"alarmierungsart","embeddable":true,"href":"https:\/\/ffw-erlenbach-stadt.de\/index.php\/wp-json\/wp\/v2\/alarmierungsart?post=17161"},{"taxonomy":"evw_unit","embeddable":true,"href":"https:\/\/ffw-erlenbach-stadt.de\/index.php\/wp-json\/wp\/v2\/evw_unit?post=17161"}],"curies":[{"name":"wp","href":"https:\/\/api.w.org\/{rel}","templated":true}]}}

Brandeinsatz &#8211; Flächenbrand

<p><em>Ein Flächenbrand &#8222;Am Mainbogen&#8220; musste durch die Feuerwehr abgelöscht werden. Mit einem C-Rohr über eine lange Schlauchleitung wurde das Feuer abgelöscht und mittels Wärmebildkamera auf Glutnester kontrolliert. Nach knapp 45 Minuten konnte die Feuerwehr wieder abrücken.&nbsp;</em></p>
<p>&nbsp;</p>
ngg_shortcode_0_placeholder
