{"id":16669,"date":"2018-01-09T07:35:00","date_gmt":"2018-01-09T06:35:00","guid":{"rendered":"http:\/\/ffw-erlenbach-stadt.de\/?post_type=einsatz&#038;p=16669"},"modified":"2018-05-25T17:43:17","modified_gmt":"2018-05-25T15:43:17","slug":"thl-notfalltueroeffnung-10","status":"publish","type":"einsatz","link":"https:\/\/ffw-erlenbach-stadt.de\/index.php\/einsatzberichte\/thl-notfalltueroeffnung-10\/","title":{"rendered":"THL &#8211; Notfallt\u00fcr\u00f6ffnung"},"content":{"rendered":"<p><em>Die Rettungskr\u00e4fte von Feuerwehr, Rettungsdienst und Polizei wurden um 7:35 Uhr&nbsp; zu einer akuten T\u00fcr\u00f6ffnung alarmiert. Da bei Eintreffen der Feuerwehr der Rettungsdienst noch auf Anfahrt war, wurde auch der FF-Rettungsrucksack mit ins Geb\u00e4ude genommen. Mittels Zieh-Fix&nbsp; konnte die T\u00fcre z\u00fcgig ge\u00f6ffnet werden und die Einsatzstelle an Rettungsdienst und Polizei \u00fcbergeben werden.<\/em><\/p>\n","protected":false},"author":4,"featured_media":0,"template":"","meta":{"ngg_post_thumbnail":0,"einsatz_weight":1,"footnotes":""},"categories":[39],"tags":[],"einsatzart":[172],"fahrzeug":[52,46],"exteinsatzmittel":[12,92],"alarmierungsart":[207],"evw_unit":[],"class_list":["post-16669","einsatz","type-einsatz","status-publish","hentry","category-einsaetze","einsatzart-tueroeffnung-akut","fahrzeug-hlf2016","fahrzeug-mzf","exteinsatzmittel-polizei","exteinsatzmittel-rettungsdienst","alarmierungsart-gruppen-alarm"],"_links":{"self":[{"href":"https:\/\/ffw-erlenbach-stadt.de\/index.php\/wp-json\/wp\/v2\/einsatz\/16669","targetHints":{"allow":["GET"]}}],"collection":[{"href":"https:\/\/ffw-erlenbach-stadt.de\/index.php\/wp-json\/wp\/v2\/einsatz"}],"about":[{"href":"https:\/\/ffw-erlenbach-stadt.de\/index.php\/wp-json\/wp\/v2\/types\/einsatz"}],"author":[{"embeddable":true,"href":"https:\/\/ffw-erlenbach-stadt.de\/index.php\/wp-json\/wp\/v2\/users\/4"}],"version-history":[{"count":1,"href":"https:\/\/ffw-erlenbach-stadt.de\/index.php\/wp-json\/wp\/v2\/einsatz\/16669\/revisions"}],"predecessor-version":[{"id":16670,"href":"https:\/\/ffw-erlenbach-stadt.de\/index.php\/wp-json\/wp\/v2\/einsatz\/16669\/revisions\/16670"}],"wp:attachment":[{"href":"https:\/\/ffw-erlenbach-stadt.de\/index.php\/wp-json\/wp\/v2\/media?parent=16669"}],"wp:term":[{"taxonomy":"category","embeddable":true,"href":"https:\/\/ffw-erlenbach-stadt.de\/index.php\/wp-json\/wp\/v2\/categories?post=16669"},{"taxonomy":"post_tag","embeddable":true,"href":"https:\/\/ffw-erlenbach-stadt.de\/index.php\/wp-json\/wp\/v2\/tags?post=16669"},{"taxonomy":"einsatzart","embeddable":true,"href":"https:\/\/ffw-erlenbach-stadt.de\/index.php\/wp-json\/wp\/v2\/einsatzart?post=16669"},{"taxonomy":"fahrzeug","embeddable":true,"href":"https:\/\/ffw-erlenbach-stadt.de\/index.php\/wp-json\/wp\/v2\/fahrzeug?post=16669"},{"taxonomy":"exteinsatzmittel","embeddable":true,"href":"https:\/\/ffw-erlenbach-stadt.de\/index.php\/wp-json\/wp\/v2\/exteinsatzmittel?post=16669"},{"taxonomy":"alarmierungsart","embeddable":true,"href":"https:\/\/ffw-erlenbach-stadt.de\/index.php\/wp-json\/wp\/v2\/alarmierungsart?post=16669"},{"taxonomy":"evw_unit","embeddable":true,"href":"https:\/\/ffw-erlenbach-stadt.de\/index.php\/wp-json\/wp\/v2\/evw_unit?post=16669"}],"curies":[{"name":"wp","href":"https:\/\/api.w.org\/{rel}","templated":true}]}}

THL &#8211; Notfalltüröffnung

<p><em>Die Rettungskräfte von Feuerwehr, Rettungsdienst und Polizei wurden um 7:35 Uhr&nbsp; zu einer akuten Türöffnung alarmiert. Da bei Eintreffen der Feuerwehr der Rettungsdienst noch auf Anfahrt war, wurde auch der FF-Rettungsrucksack mit ins Gebäude genommen. Mittels Zieh-Fix&nbsp; konnte die Türe zügig geöffnet werden und die Einsatzstelle an Rettungsdienst und Polizei übergeben werden.</em></p>
