{"id":16052,"date":"2017-07-06T00:02:00","date_gmt":"2017-07-05T22:02:00","guid":{"rendered":"http:\/\/ffw-erlenbach-stadt.de\/?post_type=einsatz&#038;p=16052"},"modified":"2017-07-06T20:35:41","modified_gmt":"2017-07-06T18:35:41","slug":"brandeinsatz-brand-industriegebaeude-3","status":"publish","type":"einsatz","link":"https:\/\/ffw-erlenbach-stadt.de\/index.php\/einsatzberichte\/brandeinsatz-brand-industriegebaeude-3\/","title":{"rendered":"Brandeinsatz &#8211; Brand Industriegeb\u00e4ude"},"content":{"rendered":"<p>Kurz nach Mitternacht wurde die Me\u00dfgruppeneinheit der FF Erlenbach zur Unterst\u00fctzung nach Kleinwallstadt alarmiert. Wir hatten die Aufgabe diverse Kanalsch\u00e4chte auf Ex-Gefahr zu messen und zu kontrollieren. Die FF Erlenbach war mit 8 Mann ca. 2,5 Stunden im Einsatz.<\/p>\n<p>Hier weitere Informationen:<\/p>\n<p><iframe class=\"wp-embedded-content\" sandbox=\"allow-scripts\" security=\"restricted\" src=\"http:\/\/primavera24.de\/grossbrand-in-kleinwallstadt-31-jaehriger-verletzt\/embed\/#?secret=Obf4KO0hPe\" data-secret=\"Obf4KO0hPe\" width=\"600\" height=\"338\" title=\"&#8222;Gro\u00dfbrand in Kleinwallstadt: 31-J\u00e4hriger verletzt&#8220; &#8212; Primavera24\" frameborder=\"0\" marginwidth=\"0\" marginheight=\"0\" scrolling=\"no\"><\/iframe><\/p>\n<p>http:\/\/www.main-echo.de\/mediathek\/bilder\/cme497404,3684601<\/p>\n","protected":false},"author":4,"featured_media":0,"template":"","meta":{"ngg_post_thumbnail":0,"einsatz_weight":1,"footnotes":""},"categories":[39],"tags":[],"einsatzart":[164],"fahrzeug":[53,46],"exteinsatzmittel":[107,193,144,59,137,191,75,60,134,91,100,98,12,92,86,78],"alarmierungsart":[40],"evw_unit":[],"class_list":["post-16052","einsatz","type-einsatz","status-publish","hentry","category-einsaetze","einsatzart-brand-mit-bilder","fahrzeug-lf8","fahrzeug-mzf","exteinsatzmittel-amme","exteinsatzmittel-e-werk","exteinsatzmittel-ff-eisenbach","exteinsatzmittel-feuerwehr-elsenfeld","exteinsatzmittel-ff-hausen","exteinsatzmittel-ff-hofstetten","exteinsatzmittel-ff-kleinwallstadt","exteinsatzmittel-feuerwehr-obernburg","exteinsatzmittel-ff-sulzbach","exteinsatzmittel-ff-woerth","exteinsatzmittel-kbm","exteinsatzmittel-kbr","exteinsatzmittel-polizei","exteinsatzmittel-rettungsdienst","exteinsatzmittel-thw-obernburg","exteinsatzmittel-wf-ico","alarmierungsart-fme"],"_links":{"self":[{"href":"https:\/\/ffw-erlenbach-stadt.de\/index.php\/wp-json\/wp\/v2\/einsatz\/16052","targetHints":{"allow":["GET"]}}],"collection":[{"href":"https:\/\/ffw-erlenbach-stadt.de\/index.php\/wp-json\/wp\/v2\/einsatz"}],"about":[{"href":"https:\/\/ffw-erlenbach-stadt.de\/index.php\/wp-json\/wp\/v2\/types\/einsatz"}],"author":[{"embeddable":true,"href":"https:\/\/ffw-erlenbach-stadt.de\/index.php\/wp-json\/wp\/v2\/users\/4"}],"version-history":[{"count":3,"href":"https:\/\/ffw-erlenbach-stadt.de\/index.php\/wp-json\/wp\/v2\/einsatz\/16052\/revisions"}],"predecessor-version":[{"id":16055,"href":"https:\/\/ffw-erlenbach-stadt.de\/index.php\/wp-json\/wp\/v2\/einsatz\/16052\/revisions\/16055"}],"wp:attachment":[{"href":"https:\/\/ffw-erlenbach-stadt.de\/index.php\/wp-json\/wp\/v2\/media?parent=16052"}],"wp:term":[{"taxonomy":"category","embeddable":true,"href":"https:\/\/ffw-erlenbach-stadt.de\/index.php\/wp-json\/wp\/v2\/categories?post=16052"},{"taxonomy":"post_tag","embeddable":true,"href":"https:\/\/ffw-erlenbach-stadt.de\/index.php\/wp-json\/wp\/v2\/tags?post=16052"},{"taxonomy":"einsatzart","embeddable":true,"href":"https:\/\/ffw-erlenbach-stadt.de\/index.php\/wp-json\/wp\/v2\/einsatzart?post=16052"},{"taxonomy":"fahrzeug","embeddable":true,"href":"https:\/\/ffw-erlenbach-stadt.de\/index.php\/wp-json\/wp\/v2\/fahrzeug?post=16052"},{"taxonomy":"exteinsatzmittel","embeddable":true,"href":"https:\/\/ffw-erlenbach-stadt.de\/index.php\/wp-json\/wp\/v2\/exteinsatzmittel?post=16052"},{"taxonomy":"alarmierungsart","embeddable":true,"href":"https:\/\/ffw-erlenbach-stadt.de\/index.php\/wp-json\/wp\/v2\/alarmierungsart?post=16052"},{"taxonomy":"evw_unit","embeddable":true,"href":"https:\/\/ffw-erlenbach-stadt.de\/index.php\/wp-json\/wp\/v2\/evw_unit?post=16052"}],"curies":[{"name":"wp","href":"https:\/\/api.w.org\/{rel}","templated":true}]}}

Brandeinsatz &#8211; Brand Industriegebäude

<p>Kurz nach Mitternacht wurde die Meßgruppeneinheit der FF Erlenbach zur Unterstützung nach Kleinwallstadt alarmiert. Wir hatten die Aufgabe diverse Kanalschächte auf Ex-Gefahr zu messen und zu kontrollieren. Die FF Erlenbach war mit 8 Mann ca. 2,5 Stunden im Einsatz.</p>
<p>Hier weitere Informationen:</p>
<p><iframe class="wp-embedded-content" sandbox="allow-scripts" security="restricted" src="http://primavera24.de/grossbrand-in-kleinwallstadt-31-jaehriger-verletzt/embed/#?secret=Obf4KO0hPe" data-secret="Obf4KO0hPe" width="600" height="338" title="&#8222;Großbrand in Kleinwallstadt: 31-Jähriger verletzt&#8220; &#8212; Primavera24" frameborder="0" marginwidth="0" marginheight="0" scrolling="no"></iframe></p>
<p>http://www.main-echo.de/mediathek/bilder/cme497404,3684601</p>
